CRAN Package Check Results for Package lss2

Last updated on 2024-07-14 15:54:52 CEST.

Flavor Version Tinstall Tcheck Ttotal Status Flags
r-devel-linux-x86_64-debian-clang 1.1 7.62 80.23 87.85 NOTE
r-devel-linux-x86_64-debian-gcc 1.1 6.97 60.84 67.81 NOTE
r-devel-linux-x86_64-fedora-clang 1.1 112.71 NOTE
r-devel-linux-x86_64-fedora-gcc 1.1 105.78 NOTE
r-devel-windows-x86_64 1.1 8.00 84.00 92.00 NOTE
r-patched-linux-x86_64 1.1 6.67 78.35 85.02 NOTE
r-release-linux-x86_64 1.1 7.12 75.83 82.95 NOTE
r-release-macos-arm64 1.1 34.00 NOTE
r-release-macos-x86_64 1.1 57.00 NOTE
r-release-windows-x86_64 1.1 8.00 81.00 89.00 NOTE
r-oldrel-macos-arm64 1.1 39.00 NOTE
r-oldrel-macos-x86_64 1.1 63.00 NOTE
r-oldrel-windows-x86_64 1.1 10.00 94.00 104.00 NOTE

Check Details

Version: 1.1
Check: LazyData
Result: NOTE 'LazyData' is specified without a 'data' directory Flavors: r-devel-linux-x86_64-debian-clang, r-devel-linux-x86_64-debian-gcc, r-devel-linux-x86_64-fedora-clang, r-devel-linux-x86_64-fedora-gcc, r-devel-windows-x86_64, r-patched-linux-x86_64, r-release-linux-x86_64, r-release-macos-arm64, r-release-macos-x86_64, r-release-windows-x86_64, r-oldrel-macos-arm64, r-oldrel-macos-x86_64, r-oldrel-windows-x86_64