CRAN Package Check Results for Package lss2

Last updated on 2022-07-04 15:54:45 CEST.

Flavor Version Tinstall Tcheck Ttotal Status Flags
r-devel-linux-x86_64-debian-clang 1.1 9.27 82.23 91.50 NOTE
r-devel-linux-x86_64-debian-gcc 1.1 7.61 64.15 71.76 NOTE
r-devel-linux-x86_64-fedora-clang 1.1 119.84 NOTE
r-devel-linux-x86_64-fedora-gcc 1.1 120.54 NOTE
r-devel-windows-x86_64 1.1 11.00 105.00 116.00 NOTE
r-patched-linux-x86_64 1.1 8.69 79.56 88.25 NOTE
r-release-linux-x86_64 1.1 9.25 80.01 89.26 NOTE
r-release-macos-arm64 1.1 52.00 NOTE
r-release-macos-x86_64 1.1 51.00 NOTE
r-release-windows-x86_64 1.1 11.00 106.00 117.00 NOTE
r-oldrel-macos-arm64 1.1 50.00 NOTE
r-oldrel-macos-x86_64 1.1 54.00 NOTE
r-oldrel-windows-ix86+x86_64 1.1 18.00 99.00 117.00 NOTE

Check Details

Version: 1.1
Check: LazyData
Result: NOTE
     'LazyData' is specified without a 'data' directory
Flavors: r-devel-linux-x86_64-debian-clang, r-devel-linux-x86_64-debian-gcc, r-devel-linux-x86_64-fedora-clang, r-devel-linux-x86_64-fedora-gcc, r-devel-windows-x86_64, r-patched-linux-x86_64, r-release-linux-x86_64, r-release-macos-arm64, r-release-macos-x86_64, r-release-windows-x86_64, r-oldrel-macos-arm64, r-oldrel-macos-x86_64, r-oldrel-windows-ix86+x86_64