CRAN Package Check Results for Package lspline

Last updated on 2022-08-19 03:57:35 CEST.

Flavor Version Tinstall Tcheck Ttotal Status Flags
r-devel-linux-x86_64-debian-clang 1.0-0 1.89 32.54 34.43 NOTE
r-devel-linux-x86_64-debian-gcc 1.0-0 1.45 25.10 26.55 NOTE
r-devel-linux-x86_64-fedora-clang 1.0-0 52.86 NOTE
r-devel-linux-x86_64-fedora-gcc 1.0-0 51.24 NOTE
r-devel-windows-x86_64 1.0-0 12.00 67.00 79.00 NOTE
r-patched-linux-x86_64 1.0-0 1.86 31.27 33.13 NOTE
r-release-linux-x86_64 1.0-0 NOTE
r-release-macos-arm64 1.0-0 21.00 NOTE
r-release-macos-x86_64 1.0-0 28.00 NOTE
r-release-windows-x86_64 1.0-0 11.00 60.00 71.00 NOTE
r-oldrel-macos-arm64 1.0-0 22.00 NOTE
r-oldrel-macos-x86_64 1.0-0 29.00 NOTE
r-oldrel-windows-ix86+x86_64 1.0-0 6.00 56.00 62.00 NOTE

Check Details

Version: 1.0-0
Check: LazyData
Result: NOTE
     'LazyData' is specified without a 'data' directory
Flavors: r-devel-linux-x86_64-debian-clang, r-devel-linux-x86_64-debian-gcc, r-devel-linux-x86_64-fedora-clang, r-devel-linux-x86_64-fedora-gcc, r-devel-windows-x86_64, r-patched-linux-x86_64, r-release-linux-x86_64, r-release-macos-arm64, r-release-macos-x86_64, r-release-windows-x86_64, r-oldrel-macos-arm64, r-oldrel-macos-x86_64, r-oldrel-windows-ix86+x86_64