Last updated on 2022-07-04 15:54:45 CEST.
Flavor | Version | Tinstall | Tcheck | Ttotal | Status | Flags |
---|---|---|---|---|---|---|
r-devel-linux-x86_64-debian-clang | 0.5.6 | 8.16 | 72.61 | 80.77 | NOTE | |
r-devel-linux-x86_64-debian-gcc | 0.5.6 | 6.62 | 53.88 | 60.50 | NOTE | |
r-devel-linux-x86_64-fedora-clang | 0.5.6 | 104.63 | NOTE | |||
r-devel-linux-x86_64-fedora-gcc | 0.5.6 | 103.25 | NOTE | |||
r-devel-windows-x86_64 | 0.5.6 | 14.00 | 89.00 | 103.00 | NOTE | |
r-patched-linux-x86_64 | 0.5.6 | 9.40 | 67.93 | 77.33 | NOTE | |
r-release-linux-x86_64 | 0.5.6 | 9.21 | 67.58 | 76.79 | NOTE | |
r-release-macos-arm64 | 0.5.6 | 31.00 | NOTE | |||
r-release-macos-x86_64 | 0.5.6 | 54.00 | NOTE | |||
r-release-windows-x86_64 | 0.5.6 | 15.00 | 91.00 | 106.00 | NOTE | |
r-oldrel-macos-arm64 | 0.5.6 | 38.00 | NOTE | |||
r-oldrel-macos-x86_64 | 0.5.6 | 42.00 | NOTE | |||
r-oldrel-windows-ix86+x86_64 | 0.5.6 | 23.00 | 86.00 | 109.00 | NOTE |
Version: 0.5.6
Check: LazyData
Result: NOTE
'LazyData' is specified without a 'data' directory
Flavors: r-devel-linux-x86_64-debian-clang, r-devel-linux-x86_64-debian-gcc, r-devel-linux-x86_64-fedora-clang, r-devel-linux-x86_64-fedora-gcc, r-devel-windows-x86_64, r-patched-linux-x86_64, r-release-linux-x86_64, r-release-macos-arm64, r-release-macos-x86_64, r-release-windows-x86_64, r-oldrel-macos-arm64, r-oldrel-macos-x86_64, r-oldrel-windows-ix86+x86_64