CRAN Package Check Results for Package lsa

Last updated on 2020-10-31 03:52:46 CET.

Flavor Version Tinstall Tcheck Ttotal Status Flags
r-devel-linux-x86_64-debian-clang 0.73.2 3.54 36.21 39.75 OK
r-devel-linux-x86_64-debian-gcc 0.73.2 2.41 28.49 30.90 OK
r-devel-linux-x86_64-fedora-clang 0.73.2 55.23 NOTE
r-devel-linux-x86_64-fedora-gcc 0.73.2 45.60 NOTE
r-devel-windows-ix86+x86_64 0.73.2 8.00 62.00 70.00 OK
r-patched-linux-x86_64 0.73.2 3.32 33.96 37.28 OK
r-patched-solaris-x86 0.73.2 69.20 NOTE
r-release-linux-x86_64 0.73.2 3.17 33.56 36.73 OK
r-release-macos-x86_64 0.73.2 NOTE
r-release-windows-ix86+x86_64 0.73.2 6.00 63.00 69.00 OK
r-oldrel-macos-x86_64 0.73.2 NOTE
r-oldrel-windows-ix86+x86_64 0.73.2 7.00 39.00 46.00 OK

Check Details

Version: 0.73.2
Check: data for non-ASCII characters
Result: NOTE
     Note: found 143 marked Latin-1 strings
     Note: found 833 marked UTF-8 strings
Flavors: r-devel-linux-x86_64-fedora-clang, r-devel-linux-x86_64-fedora-gcc, r-patched-solaris-x86, r-release-macos-x86_64, r-oldrel-macos-x86_64