CRAN Package Check Results for Package lpme

Last updated on 2022-11-26 16:02:59 CET.

Flavor Version Tinstall Tcheck Ttotal Status Flags
r-devel-linux-x86_64-debian-clang 1.1.3 147.31 48.16 195.47 OK
r-devel-linux-x86_64-debian-gcc 1.1.3 126.07 36.51 162.58 OK
r-devel-linux-x86_64-fedora-clang 1.1.3 306.65 OK
r-devel-linux-x86_64-fedora-gcc 1.1.3 282.88 OK
r-devel-windows-x86_64 1.1.3 116.00 99.00 215.00 OK
r-patched-linux-x86_64 1.1.3 OK
r-release-linux-x86_64 1.1.3 118.35 46.67 165.02 OK
r-release-macos-arm64 1.1.3 61.00 NOTE
r-release-macos-x86_64 1.1.3 92.00 NOTE
r-release-windows-x86_64 1.1.3 108.00 101.00 209.00 OK
r-oldrel-macos-arm64 1.1.3 60.00 NOTE
r-oldrel-macos-x86_64 1.1.3 87.00 NOTE
r-oldrel-windows-ix86+x86_64 1.1.3 363.00 116.00 479.00 OK

Check Details

Version: 1.1.3
Check: installed package size
Result: NOTE
     installed size is 5.6Mb
     sub-directories of 1Mb or more:
     libs 5.4Mb
Flavors: r-release-macos-arm64, r-release-macos-x86_64, r-oldrel-macos-arm64, r-oldrel-macos-x86_64