CRAN Package Check Results for Package lpme

Last updated on 2023-10-01 05:05:46 CEST.

Flavor Version Tinstall Tcheck Ttotal Status Flags
r-devel-linux-x86_64-debian-clang 1.1.3 149.55 46.81 196.36 OK
r-devel-linux-x86_64-debian-gcc 1.1.3 116.94 35.46 152.40 OK
r-devel-linux-x86_64-fedora-clang 1.1.3 303.47 OK
r-devel-linux-x86_64-fedora-gcc 1.1.3 312.90 OK
r-devel-windows-x86_64 1.1.3 116.00 82.00 198.00 OK
r-patched-linux-x86_64 1.1.3 155.60 46.51 202.11 OK
r-release-linux-x86_64 1.1.3 158.66 46.19 204.85 OK
r-release-macos-arm64 1.1.3 65.00 NOTE
r-release-macos-x86_64 1.1.3 123.00 NOTE
r-release-windows-x86_64 1.1.3 154.00 90.00 244.00 OK
r-oldrel-macos-arm64 1.1.3 65.00 NOTE
r-oldrel-macos-x86_64 1.1.3 92.00 NOTE
r-oldrel-windows-x86_64 1.1.3 145.00 87.00 232.00 OK

Check Details

Version: 1.1.3
Check: installed package size
Result: NOTE
     installed size is 5.5Mb
     sub-directories of 1Mb or more:
     libs 5.3Mb
Flavors: r-release-macos-arm64, r-release-macos-x86_64, r-oldrel-macos-arm64, r-oldrel-macos-x86_64