CRAN Package Check Results for Package lpbrim

Last updated on 2020-11-25 15:52:00 CET.

Flavor Version Tinstall Tcheck Ttotal Status Flags
r-devel-linux-x86_64-debian-clang 1.0.0 2.97 25.44 28.41 NOTE
r-devel-linux-x86_64-debian-gcc 1.0.0 2.44 20.15 22.59 NOTE
r-devel-linux-x86_64-fedora-clang 1.0.0 38.99 NOTE
r-devel-linux-x86_64-fedora-gcc 1.0.0 29.29 NOTE
r-devel-windows-ix86+x86_64 1.0.0 5.00 51.00 56.00 NOTE
r-patched-linux-x86_64 1.0.0 2.63 24.12 26.75 NOTE
r-patched-solaris-x86 1.0.0 46.30 NOTE
r-release-linux-x86_64 1.0.0 2.91 25.39 28.30 NOTE
r-release-macos-x86_64 1.0.0 NOTE
r-release-windows-ix86+x86_64 1.0.0 5.00 36.00 41.00 NOTE
r-oldrel-macos-x86_64 1.0.0 NOTE
r-oldrel-windows-ix86+x86_64 1.0.0 4.00 35.00 39.00 NOTE

Check Details

Version: 1.0.0
Check: DESCRIPTION meta-information
Result: NOTE
    Checking should be performed on sources prepared by 'R CMD build'.
Flavors: r-devel-linux-x86_64-debian-clang, r-devel-linux-x86_64-debian-gcc, r-devel-linux-x86_64-fedora-clang, r-devel-linux-x86_64-fedora-gcc, r-devel-windows-ix86+x86_64, r-patched-linux-x86_64, r-patched-solaris-x86, r-release-linux-x86_64, r-release-macos-x86_64, r-release-windows-ix86+x86_64, r-oldrel-macos-x86_64, r-oldrel-windows-ix86+x86_64

Version: 1.0.0
Check: package dependencies
Result: NOTE
    Package suggested but not available for checking: 'doMC'
Flavors: r-devel-windows-ix86+x86_64, r-release-windows-ix86+x86_64, r-oldrel-windows-ix86+x86_64