CRAN Package Check Results for Package longit

Last updated on 2022-07-04 15:54:45 CEST.

Flavor Version Tinstall Tcheck Ttotal Status Flags
r-devel-linux-x86_64-debian-clang 0.1.0 11.93 107.69 119.62 OK
r-devel-linux-x86_64-debian-gcc 0.1.0 10.26 82.71 92.97 OK
r-devel-linux-x86_64-fedora-clang 0.1.0 155.45 NOTE
r-devel-linux-x86_64-fedora-gcc 0.1.0 153.66 NOTE
r-devel-windows-x86_64 0.1.0 19.00 128.00 147.00 OK
r-patched-linux-x86_64 0.1.0 12.28 104.32 116.60 OK
r-release-linux-x86_64 0.1.0 12.35 104.80 117.15 OK
r-release-macos-arm64 0.1.0 53.00 NOTE
r-release-macos-x86_64 0.1.0 66.00 NOTE
r-release-windows-x86_64 0.1.0 20.00 129.00 149.00 OK
r-oldrel-macos-arm64 0.1.0 53.00 NOTE
r-oldrel-macos-x86_64 0.1.0 107.00 NOTE
r-oldrel-windows-ix86+x86_64 0.1.0 26.00 126.00 152.00 OK

Check Details

Version: 0.1.0
Check: dependencies in R code
Result: NOTE
    Namespace in Imports field not imported from: ‘utils’
     All declared Imports should be used.
Flavors: r-devel-linux-x86_64-fedora-clang, r-devel-linux-x86_64-fedora-gcc, r-release-macos-arm64, r-release-macos-x86_64, r-oldrel-macos-arm64, r-oldrel-macos-x86_64