CRAN Package Check Results for Package longROC

Last updated on 2022-07-02 15:52:22 CEST.

Flavor Version Tinstall Tcheck Ttotal Status Flags
r-devel-linux-x86_64-debian-clang 1.0 6.59 99.64 106.23 NOTE
r-devel-linux-x86_64-debian-gcc 1.0 6.64 74.31 80.95 NOTE
r-devel-linux-x86_64-fedora-clang 1.0 134.90 NOTE
r-devel-linux-x86_64-fedora-gcc 1.0 137.01 NOTE
r-devel-windows-x86_64 1.0 18.00 121.00 139.00 NOTE
r-patched-linux-x86_64 1.0 5.88 96.39 102.27 NOTE
r-release-linux-x86_64 1.0 5.82 95.44 101.26 NOTE
r-release-macos-arm64 1.0 36.00 NOTE
r-release-macos-x86_64 1.0 54.00 NOTE
r-release-windows-x86_64 1.0 19.00 123.00 142.00 NOTE
r-oldrel-macos-arm64 1.0 43.00 NOTE
r-oldrel-macos-x86_64 1.0 76.00 NOTE
r-oldrel-windows-ix86+x86_64 1.0 17.00 121.00 138.00 NOTE

Check Details

Version: 1.0
Check: Rd files
Result: NOTE
    checkRd: (-1) butstrap.Rd:44: Escaped LaTeX specials: \&
    checkRd: (-1) butstrap.nri.Rd:42: Escaped LaTeX specials: \&
    checkRd: (-1) butstrap.s.Rd:44: Escaped LaTeX specials: \&
    checkRd: (-1) maxauc.Rd:39: Escaped LaTeX specials: \&
    checkRd: (-1) maxauc.s.Rd:39: Escaped LaTeX specials: \&
    checkRd: (-1) nri.Rd:33: Escaped LaTeX specials: \&
    checkRd: (-1) roc.Rd:47: Escaped LaTeX specials: \&
    checkRd: (-1) roc.s.Rd:47: Escaped LaTeX specials: \&
    checkRd: (-1) sensspec.Rd:47: Escaped LaTeX specials: \&
    checkRd: (-1) sensspec.s.Rd:47: Escaped LaTeX specials: \&
Flavors: r-devel-linux-x86_64-debian-clang, r-devel-linux-x86_64-debian-gcc, r-devel-linux-x86_64-fedora-clang, r-devel-linux-x86_64-fedora-gcc, r-devel-windows-x86_64

Version: 1.0
Check: LazyData
Result: NOTE
     'LazyData' is specified without a 'data' directory
Flavors: r-devel-linux-x86_64-debian-clang, r-devel-linux-x86_64-debian-gcc, r-devel-linux-x86_64-fedora-clang, r-devel-linux-x86_64-fedora-gcc, r-devel-windows-x86_64, r-patched-linux-x86_64, r-release-linux-x86_64, r-release-macos-arm64, r-release-macos-x86_64, r-release-windows-x86_64, r-oldrel-macos-arm64, r-oldrel-macos-x86_64, r-oldrel-windows-ix86+x86_64