CRAN Package Check Results for Package logisticPCA

Last updated on 2020-12-03 03:49:59 CET.

Flavor Version Tinstall Tcheck Ttotal Status Flags
r-devel-linux-x86_64-debian-clang 0.2 4.92 55.83 60.75 OK
r-devel-linux-x86_64-debian-gcc 0.2 3.75 43.57 47.32 OK
r-devel-linux-x86_64-fedora-clang 0.2 77.84 NOTE
r-devel-linux-x86_64-fedora-gcc 0.2 70.57 NOTE
r-devel-windows-ix86+x86_64 0.2 10.00 75.00 85.00 OK
r-patched-linux-x86_64 0.2 4.55 55.38 59.93 OK
r-patched-solaris-x86 0.2 111.00 OK
r-release-linux-x86_64 0.2 5.25 54.78 60.03 OK
r-release-macos-x86_64 0.2 OK
r-release-windows-ix86+x86_64 0.2 8.00 74.00 82.00 OK
r-oldrel-macos-x86_64 0.2 OK
r-oldrel-windows-ix86+x86_64 0.2 8.00 71.00 79.00 OK

Check Details

Version: 0.2
Check: compiled code
Result: NOTE
    File ‘logisticPCA/libs/logisticPCA.so’:
     Found no calls to: ‘R_registerRoutines’, ‘R_useDynamicSymbols’
    
    It is good practice to register native routines and to disable symbol
    search.
    
    See ‘Writing portable packages’ in the ‘Writing R Extensions’ manual.
Flavors: r-devel-linux-x86_64-fedora-clang, r-devel-linux-x86_64-fedora-gcc