CRAN Package Check Results for Package logisticPCA

Last updated on 2020-09-27 03:46:35 CEST.

Flavor Version Tinstall Tcheck Ttotal Status Flags
r-devel-linux-x86_64-debian-clang 0.2 3.82 56.39 60.21 OK
r-devel-linux-x86_64-debian-gcc 0.2 3.28 41.98 45.26 OK
r-devel-linux-x86_64-fedora-clang 0.2 79.41 NOTE
r-devel-linux-x86_64-fedora-gcc 0.2 74.45 NOTE
r-devel-windows-ix86+x86_64 0.2 10.00 97.00 107.00 OK
r-patched-linux-x86_64 0.2 4.22 53.62 57.84 OK
r-patched-solaris-x86 0.2 109.10 OK
r-release-linux-x86_64 0.2 3.98 52.85 56.83 OK
r-release-macos-x86_64 0.2 OK
r-release-windows-ix86+x86_64 0.2 29.00 96.00 125.00 OK
r-oldrel-macos-x86_64 0.2 OK
r-oldrel-windows-ix86+x86_64 0.2 8.00 98.00 106.00 OK

Check Details

Version: 0.2
Check: compiled code
Result: NOTE
    File ‘logisticPCA/libs/logisticPCA.so’:
     Found no calls to: ‘R_registerRoutines’, ‘R_useDynamicSymbols’
    
    It is good practice to register native routines and to disable symbol
    search.
    
    See ‘Writing portable packages’ in the ‘Writing R Extensions’ manual.
Flavors: r-devel-linux-x86_64-fedora-clang, r-devel-linux-x86_64-fedora-gcc