CRAN Package Check Results for Package logib

Last updated on 2024-06-15 15:49:10 CEST.

Flavor Version Tinstall Tcheck Ttotal Status Flags
r-devel-linux-x86_64-debian-clang 0.1.2 2.36 29.16 31.52 NOTE
r-devel-linux-x86_64-debian-gcc 0.1.2 2.20 22.25 24.45 NOTE
r-devel-linux-x86_64-fedora-clang 0.1.2 40.45 NOTE
r-devel-linux-x86_64-fedora-gcc 0.1.2 38.89 NOTE
r-devel-windows-x86_64 0.1.2 3.00 47.00 50.00 NOTE
r-patched-linux-x86_64 0.1.2 4.17 28.99 33.16 NOTE
r-release-linux-x86_64 0.1.2 2.99 27.72 30.71 NOTE
r-release-macos-arm64 0.1.2 18.00 NOTE
r-release-macos-x86_64 0.1.2 24.00 NOTE
r-release-windows-x86_64 0.1.2 4.00 47.00 51.00 NOTE
r-oldrel-macos-arm64 0.1.2 18.00 OK
r-oldrel-macos-x86_64 0.1.2 20.00 OK
r-oldrel-windows-x86_64 0.1.2 5.00 49.00 54.00 OK

Check Details

Version: 0.1.2
Check: Rd files
Result: NOTE checkRd: (-1) analysis.Rd:61-62: Lost braces in \itemize; \value handles \item{}{} directly checkRd: (-1) analysis.Rd:63-64: Lost braces in \itemize; \value handles \item{}{} directly checkRd: (-1) analysis.Rd:65-66: Lost braces in \itemize; \value handles \item{}{} directly checkRd: (-1) analysis.Rd:67-68: Lost braces in \itemize; \value handles \item{}{} directly checkRd: (-1) analysis.Rd:69: Lost braces in \itemize; \value handles \item{}{} directly Flavors: r-devel-linux-x86_64-debian-clang, r-devel-linux-x86_64-debian-gcc, r-devel-linux-x86_64-fedora-clang, r-devel-linux-x86_64-fedora-gcc, r-devel-windows-x86_64, r-patched-linux-x86_64, r-release-linux-x86_64, r-release-macos-arm64, r-release-macos-x86_64, r-release-windows-x86_64

Version: 0.1.2
Check: data for non-ASCII characters
Result: NOTE Note: found 12 marked UTF-8 strings Flavors: r-devel-linux-x86_64-fedora-clang, r-devel-linux-x86_64-fedora-gcc