Last updated on 2022-08-18 03:58:23 CEST.
Flavor | Version | Tinstall | Tcheck | Ttotal | Status | Flags |
---|---|---|---|---|---|---|
r-devel-linux-x86_64-debian-clang | 0.2.2 | 3.80 | 53.61 | 57.41 | OK | |
r-devel-linux-x86_64-debian-gcc | 0.2.2 | OK | ||||
r-devel-linux-x86_64-fedora-clang | 0.2.2 | 81.06 | OK | |||
r-devel-linux-x86_64-fedora-gcc | 0.2.2 | 76.13 | OK | |||
r-devel-windows-x86_64 | 0.2.2 | 55.00 | 130.00 | 185.00 | NOTE | |
r-patched-linux-x86_64 | 0.2.2 | 4.93 | 51.28 | 56.21 | OK | |
r-release-linux-x86_64 | 0.2.2 | 2.91 | 51.34 | 54.25 | OK | |
r-release-macos-arm64 | 0.2.2 | 30.00 | OK | |||
r-release-macos-x86_64 | 0.2.2 | 43.00 | OK | |||
r-release-windows-x86_64 | 0.2.2 | 80.00 | 106.00 | 186.00 | NOTE | |
r-oldrel-macos-arm64 | 0.2.2 | 36.00 | OK | |||
r-oldrel-macos-x86_64 | 0.2.2 | 41.00 | OK | |||
r-oldrel-windows-ix86+x86_64 | 0.2.2 | 9.00 | 98.00 | 107.00 | NOTE |
Version: 0.2.2
Check: package dependencies
Result: NOTE
Package suggested but not available for checking: 'rsyslog'
Flavors: r-devel-windows-x86_64, r-release-windows-x86_64, r-oldrel-windows-ix86+x86_64
Version: 0.2.2
Check: Rd cross-references
Result: NOTE
Package unavailable to check Rd xrefs: 'rsyslog'
Flavor: r-oldrel-windows-ix86+x86_64