CRAN Package Check Results for Package loe

Last updated on 2023-11-30 15:48:20 CET.

Flavor Version Tinstall Tcheck Ttotal Status Flags
r-devel-linux-x86_64-debian-clang 1.1 3.85 32.90 36.75 NOTE
r-devel-linux-x86_64-debian-gcc 1.1 2.99 25.35 28.34 NOTE
r-devel-linux-x86_64-fedora-clang 1.1 45.89 NOTE
r-devel-linux-x86_64-fedora-gcc 1.1 43.82 NOTE
r-devel-windows-x86_64 1.1 5.00 52.00 57.00 NOTE
r-patched-linux-x86_64 1.1 3.50 31.38 34.88 OK
r-release-linux-x86_64 1.1 4.13 30.27 34.40 OK
r-release-macos-arm64 1.1 22.00 OK
r-release-macos-x86_64 1.1 28.00 OK
r-release-windows-x86_64 1.1 7.00 50.00 57.00 OK
r-oldrel-macos-arm64 1.1 19.00 OK
r-oldrel-macos-x86_64 1.1 27.00 OK
r-oldrel-windows-x86_64 1.1 6.00 57.00 63.00 OK

Check Details

Version: 1.1
Check: Rd contents
Result: NOTE Argument items with no description in Rd file 'spec.emb.Rd': ‘A’ Flavors: r-devel-linux-x86_64-debian-clang, r-devel-linux-x86_64-debian-gcc, r-devel-linux-x86_64-fedora-clang, r-devel-linux-x86_64-fedora-gcc, r-devel-windows-x86_64

Version: 1.1
Check: compiled code
Result: NOTE File ‘loe/libs/loe.so’: Found no calls to: ‘R_registerRoutines’, ‘R_useDynamicSymbols’ It is good practice to register native routines and to disable symbol search. See ‘Writing portable packages’ in the ‘Writing R Extensions’ manual. Flavors: r-devel-linux-x86_64-fedora-clang, r-devel-linux-x86_64-fedora-gcc