CRAN Package Check Results for Package loe

Last updated on 2023-02-06 15:57:20 CET.

Flavor Version Tinstall Tcheck Ttotal Status Flags
r-devel-linux-x86_64-debian-clang 1.1 3.62 30.84 34.46 OK
r-devel-linux-x86_64-debian-gcc 1.1 2.82 24.28 27.10 OK
r-devel-linux-x86_64-fedora-clang 1.1 44.84 NOTE
r-devel-linux-x86_64-fedora-gcc 1.1 46.72 NOTE
r-devel-windows-x86_64 1.1 18.00 66.00 84.00 OK
r-patched-linux-x86_64 1.1 2.92 31.07 33.99 OK
r-release-linux-x86_64 1.1 3.53 31.39 34.92 OK
r-release-macos-arm64 1.1 18.00 OK
r-release-macos-x86_64 1.1 27.00 OK
r-release-windows-x86_64 1.1 12.00 66.00 78.00 OK
r-oldrel-macos-arm64 1.1 20.00 OK
r-oldrel-macos-x86_64 1.1 33.00 OK
r-oldrel-windows-ix86+x86_64 1.1 11.00 72.00 83.00 OK

Check Details

Version: 1.1
Check: compiled code
Result: NOTE
    File ‘loe/libs/loe.so’:
     Found no calls to: ‘R_registerRoutines’, ‘R_useDynamicSymbols’
    
    It is good practice to register native routines and to disable symbol
    search.
    
    See ‘Writing portable packages’ in the ‘Writing R Extensions’ manual.
Flavors: r-devel-linux-x86_64-fedora-clang, r-devel-linux-x86_64-fedora-gcc