CRAN Package Check Results for Package locStra

Last updated on 2020-09-18 15:52:50 CEST.

Flavor Version Tinstall Tcheck Ttotal Status Flags
r-devel-linux-x86_64-debian-clang 1.4 41.66 60.64 102.30 OK
r-devel-linux-x86_64-debian-gcc 1.4 36.19 48.44 84.63 OK
r-devel-linux-x86_64-fedora-clang 1.4 150.31 NOTE
r-devel-linux-x86_64-fedora-gcc 1.4 139.24 OK
r-devel-windows-ix86+x86_64 1.4 96.00 128.00 224.00 OK
r-patched-linux-x86_64 1.4 41.35 61.90 103.25 OK
r-patched-solaris-x86 1.4 158.30 OK
r-release-linux-x86_64 1.4 38.26 61.75 100.01 OK
r-release-macos-x86_64 1.4 NOTE
r-release-windows-ix86+x86_64 1.4 99.00 100.00 199.00 OK
r-oldrel-macos-x86_64 1.4 NOTE
r-oldrel-windows-ix86+x86_64 1.4 61.00 114.00 175.00 OK

Check Details

Version: 1.4
Check: installed package size
Result: NOTE
     installed size is 12.4Mb
     sub-directories of 1Mb or more:
     libs 12.2Mb
Flavors: r-devel-linux-x86_64-fedora-clang, r-release-macos-x86_64, r-oldrel-macos-x86_64