CRAN Package Check Results for Package lmviz

Last updated on 2022-09-24 15:55:23 CEST.

Flavor Version Tinstall Tcheck Ttotal Status Flags
r-devel-linux-x86_64-debian-clang 0.2.0 10.52 93.52 104.04 NOTE
r-devel-linux-x86_64-debian-gcc 0.2.0 7.43 71.33 78.76 NOTE
r-devel-linux-x86_64-fedora-clang 0.2.0 134.13 NOTE
r-devel-linux-x86_64-fedora-gcc 0.2.0 133.57 NOTE
r-devel-windows-x86_64 0.2.0 35.00 122.00 157.00 NOTE
r-patched-linux-x86_64 0.2.0 11.92 88.43 100.35 NOTE
r-release-linux-x86_64 0.2.0 11.46 87.01 98.47 NOTE
r-release-macos-arm64 0.2.0 36.00 NOTE
r-release-macos-x86_64 0.2.0 65.00 NOTE
r-release-windows-x86_64 0.2.0 26.00 118.00 144.00 NOTE
r-oldrel-macos-arm64 0.2.0 49.00 NOTE
r-oldrel-macos-x86_64 0.2.0 71.00 NOTE
r-oldrel-windows-ix86+x86_64 0.2.0 26.00 114.00 140.00 NOTE

Check Details

Version: 0.2.0
Check: LazyData
Result: NOTE
     'LazyData' is specified without a 'data' directory
Flavors: r-devel-linux-x86_64-debian-clang, r-devel-linux-x86_64-debian-gcc, r-devel-linux-x86_64-fedora-clang, r-devel-linux-x86_64-fedora-gcc, r-devel-windows-x86_64, r-patched-linux-x86_64, r-release-linux-x86_64, r-release-macos-arm64, r-release-macos-x86_64, r-release-windows-x86_64, r-oldrel-macos-arm64, r-oldrel-macos-x86_64, r-oldrel-windows-ix86+x86_64

Version: 0.2.0
Check: dependencies in R code
Result: NOTE
    Namespace in Imports field not imported from: ‘shinyjs’
     All declared Imports should be used.
Flavors: r-devel-linux-x86_64-fedora-clang, r-devel-linux-x86_64-fedora-gcc, r-release-macos-arm64, r-release-macos-x86_64, r-oldrel-macos-arm64, r-oldrel-macos-x86_64