Last updated on 2023-01-26 15:53:13 CET.
Flavor | Version | Tinstall | Tcheck | Ttotal | Status | Flags |
---|---|---|---|---|---|---|
r-devel-linux-x86_64-debian-clang | 1.5.2 | 4.01 | 88.75 | 92.76 | NOTE | |
r-devel-linux-x86_64-debian-gcc | 1.5.2 | 4.14 | 67.37 | 71.51 | NOTE | |
r-devel-linux-x86_64-fedora-clang | 1.5.2 | 119.03 | NOTE | |||
r-devel-linux-x86_64-fedora-gcc | 1.5.2 | 126.86 | NOTE | |||
r-devel-windows-x86_64 | 1.5.2 | 35.00 | 182.00 | 217.00 | NOTE | |
r-patched-linux-x86_64 | 1.5.2 | 7.87 | 82.77 | 90.64 | NOTE | |
r-release-linux-x86_64 | 1.5.2 | 5.20 | 82.95 | 88.15 | NOTE | |
r-release-macos-arm64 | 1.5.2 | 55.00 | NOTE | |||
r-release-macos-x86_64 | 1.5.2 | 78.00 | NOTE | |||
r-release-windows-x86_64 | 1.5.2 | 28.00 | 182.00 | 210.00 | NOTE | |
r-oldrel-macos-arm64 | 1.5.2 | 72.00 | NOTE | |||
r-oldrel-macos-x86_64 | 1.5.2 | 113.00 | NOTE | |||
r-oldrel-windows-ix86+x86_64 | 1.5.2 | 11.00 | 170.00 | 181.00 | NOTE |
Version: 1.5.2
Check: LazyData
Result: NOTE
'LazyData' is specified without a 'data' directory
Flavors: r-devel-linux-x86_64-debian-clang, r-devel-linux-x86_64-debian-gcc, r-devel-linux-x86_64-fedora-clang, r-devel-linux-x86_64-fedora-gcc, r-devel-windows-x86_64, r-patched-linux-x86_64, r-release-linux-x86_64, r-release-macos-arm64, r-release-macos-x86_64, r-release-windows-x86_64, r-oldrel-macos-arm64, r-oldrel-macos-x86_64, r-oldrel-windows-ix86+x86_64