CRAN Package Check Results for Package lmtp

Last updated on 2020-10-31 03:52:46 CET.

Flavor Version Tinstall Tcheck Ttotal Status Flags
r-devel-linux-x86_64-debian-clang 0.0.5 4.69 46.37 51.06 NOTE
r-devel-linux-x86_64-debian-gcc 0.0.5 3.90 33.80 37.70 NOTE
r-devel-linux-x86_64-fedora-clang 0.0.5 67.44 NOTE
r-devel-linux-x86_64-fedora-gcc 0.0.5 57.54 NOTE
r-devel-windows-ix86+x86_64 0.0.5 10.00 48.00 58.00 NOTE
r-patched-linux-x86_64 0.0.5 4.73 43.10 47.83 NOTE
r-patched-solaris-x86 0.0.5 85.50 NOTE
r-release-linux-x86_64 0.0.5 5.23 42.50 47.73 NOTE
r-release-macos-x86_64 0.0.5 NOTE
r-release-windows-ix86+x86_64 0.0.5 9.00 63.00 72.00 NOTE
r-oldrel-macos-x86_64 0.0.5 NOTE
r-oldrel-windows-ix86+x86_64 0.0.5 7.00 46.00 53.00 NOTE

Check Details

Version: 0.0.5
Check: package dependencies
Result: NOTE
    Package which this enhances but not available for checking: 'sl3'
Flavors: r-devel-linux-x86_64-debian-clang, r-devel-linux-x86_64-debian-gcc, r-devel-linux-x86_64-fedora-clang, r-devel-linux-x86_64-fedora-gcc, r-devel-windows-ix86+x86_64, r-patched-linux-x86_64, r-patched-solaris-x86, r-release-linux-x86_64, r-release-macos-x86_64, r-release-windows-ix86+x86_64, r-oldrel-macos-x86_64, r-oldrel-windows-ix86+x86_64

Version: 0.0.5
Check: dependencies in R code
Result: NOTE
    Namespaces in Imports field not imported from:
     ‘R6’ ‘nnls’ ‘utils’
     All declared Imports should be used.
Flavors: r-devel-linux-x86_64-fedora-clang, r-devel-linux-x86_64-fedora-gcc, r-patched-solaris-x86, r-release-macos-x86_64, r-oldrel-macos-x86_64