CRAN Package Check Results for Package lmtest

Last updated on 2021-09-19 03:51:12 CEST.

Flavor Version Tinstall Tcheck Ttotal Status Flags
r-devel-linux-x86_64-debian-clang 0.9-38 5.55 52.88 58.43 OK
r-devel-linux-x86_64-debian-gcc 0.9-38 3.27 41.31 44.58 OK
r-devel-linux-x86_64-fedora-clang 0.9-38 77.61 OK
r-devel-linux-x86_64-fedora-gcc 0.9-38 67.73 OK
r-devel-windows-x86_64 0.9-38 9.00 82.00 91.00 OK
r-devel-windows-x86_64-gcc10-UCRT 0.9-38 ERROR
r-patched-linux-x86_64 0.9-38 5.91 51.36 57.27 OK
r-patched-solaris-x86 0.9-38 96.20 OK
r-release-linux-x86_64 0.9-38 4.94 51.00 55.94 OK
r-release-macos-arm64 0.9-38 OK
r-release-macos-x86_64 0.9-38 OK
r-release-windows-ix86+x86_64 0.9-38 14.00 74.00 88.00 OK
r-oldrel-macos-x86_64 0.9-38 OK
r-oldrel-windows-ix86+x86_64 0.9-38 12.00 75.00 87.00 OK

Check Details

Version: 0.9-38
Check: whether package can be installed
Result: ERROR
    Installation failed.
Flavor: r-devel-windows-x86_64-gcc10-UCRT