Last updated on 2022-05-20 15:52:10 CEST.
Flavor | Version | Tinstall | Tcheck | Ttotal | Status | Flags |
---|---|---|---|---|---|---|
r-devel-linux-x86_64-debian-clang | 1.1-29 | 112.88 | 618.63 | 731.51 | OK | |
r-devel-linux-x86_64-debian-gcc | 1.1-29 | 91.86 | 452.53 | 544.39 | OK | |
r-devel-linux-x86_64-fedora-clang | 1.1-29 | 829.98 | NOTE | |||
r-devel-linux-x86_64-fedora-gcc | 1.1-29 | 899.56 | OK | |||
r-devel-windows-x86_64 | 1.1-29 | 134.00 | 589.00 | 723.00 | NOTE | |
r-patched-linux-x86_64 | 1.1-29 | 105.03 | 581.51 | 686.54 | OK | |
r-release-linux-x86_64 | 1.1-29 | 86.63 | 578.66 | 665.29 | OK | |
r-release-macos-arm64 | 1.1-29 | 170.00 | NOTE | |||
r-release-macos-x86_64 | 1.1-29 | 420.00 | NOTE | |||
r-release-windows-x86_64 | 1.1-29 | 138.00 | 588.00 | 726.00 | NOTE | |
r-oldrel-macos-arm64 | 1.1-29 | 172.00 | NOTE | |||
r-oldrel-macos-x86_64 | 1.1-29 | 316.00 | NOTE | |||
r-oldrel-windows-ix86+x86_64 | 1.1-29 | 236.00 | 751.00 | 987.00 | NOTE |
Version: 1.1-29
Check: installed package size
Result: NOTE
installed size is 24.1Mb
sub-directories of 1Mb or more:
R 1.5Mb
doc 2.0Mb
libs 18.5Mb
testdata 1.3Mb
Flavors: r-devel-linux-x86_64-fedora-clang, r-devel-windows-x86_64, r-release-macos-arm64, r-release-macos-x86_64, r-release-windows-x86_64, r-oldrel-macos-arm64, r-oldrel-macos-x86_64, r-oldrel-windows-ix86+x86_64