CRAN Package Check Results for Package llogistic

Last updated on 2024-07-14 15:54:52 CEST.

Flavor Version Tinstall Tcheck Ttotal Status Flags
r-devel-linux-x86_64-debian-clang 1.0.3 1.97 20.54 22.51 NOTE
r-devel-linux-x86_64-debian-gcc 1.0.3 1.34 16.49 17.83 NOTE
r-devel-linux-x86_64-fedora-clang 1.0.3 29.41 NOTE
r-devel-linux-x86_64-fedora-gcc 1.0.3 27.42 NOTE
r-devel-windows-x86_64 1.0.3 2.00 38.00 40.00 NOTE
r-patched-linux-x86_64 1.0.3 1.88 20.15 22.03 NOTE
r-release-linux-x86_64 1.0.3 1.76 20.12 21.88 NOTE
r-release-macos-arm64 1.0.3 14.00 NOTE
r-release-macos-x86_64 1.0.3 20.00 NOTE
r-release-windows-x86_64 1.0.3 4.00 37.00 41.00 NOTE
r-oldrel-macos-arm64 1.0.3 14.00 NOTE
r-oldrel-macos-x86_64 1.0.3 19.00 NOTE
r-oldrel-windows-x86_64 1.0.3 3.00 37.00 40.00 NOTE

Check Details

Version: 1.0.3
Check: LazyData
Result: NOTE 'LazyData' is specified without a 'data' directory Flavors: r-devel-linux-x86_64-debian-clang, r-devel-linux-x86_64-debian-gcc, r-devel-linux-x86_64-fedora-clang, r-devel-linux-x86_64-fedora-gcc, r-devel-windows-x86_64, r-patched-linux-x86_64, r-release-linux-x86_64, r-release-macos-arm64, r-release-macos-x86_64, r-release-windows-x86_64, r-oldrel-macos-arm64, r-oldrel-macos-x86_64, r-oldrel-windows-x86_64