CRAN Package Check Results for Package llbayesireg

Last updated on 2020-09-22 03:49:28 CEST.

Flavor Version Tinstall Tcheck Ttotal Status Flags
r-devel-linux-x86_64-debian-clang 1.0.0 14.67 112.96 127.63 OK
r-devel-linux-x86_64-debian-gcc 1.0.0 0.28 1.93 2.21 ERROR
r-devel-linux-x86_64-fedora-clang 1.0.0 169.32 OK
r-devel-linux-x86_64-fedora-gcc 1.0.0 158.22 OK
r-devel-windows-ix86+x86_64 1.0.0 36.00 128.00 164.00 OK
r-patched-linux-x86_64 1.0.0 9.34 108.95 118.29 OK
r-patched-solaris-x86 1.0.0 229.60 OK
r-release-linux-x86_64 1.0.0 8.91 108.36 117.27 OK
r-release-macos-x86_64 1.0.0 OK
r-release-windows-ix86+x86_64 1.0.0 35.00 115.00 150.00 OK
r-oldrel-macos-x86_64 1.0.0 OK
r-oldrel-windows-ix86+x86_64 1.0.0 26.00 145.00 171.00 OK

Check Details

Version: 1.0.0
Check: whether package can be installed
Result: ERROR
    Installation failed.
Flavor: r-devel-linux-x86_64-debian-gcc