Last updated on 2022-06-28 15:53:20 CEST.
Flavor | Version | Tinstall | Tcheck | Ttotal | Status | Flags |
---|---|---|---|---|---|---|
r-devel-linux-x86_64-debian-clang | 1.5.13 | 14.93 | 182.65 | 197.58 | OK | |
r-devel-linux-x86_64-debian-gcc | 1.5.13 | 11.26 | 132.91 | 144.17 | OK | |
r-devel-linux-x86_64-fedora-clang | 1.5.13 | 231.72 | NOTE | |||
r-devel-linux-x86_64-fedora-gcc | 1.5.13 | 232.33 | NOTE | |||
r-devel-windows-x86_64 | 1.5.13 | 26.00 | 208.00 | 234.00 | OK | |
r-patched-linux-x86_64 | 1.5.13 | 11.26 | 167.55 | 178.81 | OK | |
r-release-linux-x86_64 | 1.5.13 | 8.53 | 170.30 | 178.83 | OK | |
r-release-macos-arm64 | 1.5.13 | 62.00 | NOTE | |||
r-release-macos-x86_64 | 1.5.13 | 101.00 | NOTE | |||
r-release-windows-x86_64 | 1.5.13 | 22.00 | 200.00 | 222.00 | OK | |
r-oldrel-macos-arm64 | 1.5.13 | 91.00 | NOTE | |||
r-oldrel-macos-x86_64 | 1.5.13 | 112.00 | NOTE | |||
r-oldrel-windows-ix86+x86_64 | 1.5.13 | 32.00 | 207.00 | 239.00 | OK |
Version: 1.5.13
Check: dependencies in R code
Result: NOTE
Namespace in Imports field not imported from: ‘e1071’
All declared Imports should be used.
Flavors: r-devel-linux-x86_64-fedora-clang, r-devel-linux-x86_64-fedora-gcc, r-release-macos-arm64, r-release-macos-x86_64, r-oldrel-macos-arm64, r-oldrel-macos-x86_64
Version: 1.5.13
Check: package dependencies
Result: NOTE
Package suggested but not available for checking: ‘RWeka’
Flavor: r-release-macos-x86_64