CRAN Package Check Results for Package listarrays

Last updated on 2020-09-22 16:02:31 CEST.

Flavor Version Tinstall Tcheck Ttotal Status Flags
r-devel-linux-x86_64-debian-clang 0.3.1 2.72 27.45 30.17 OK
r-devel-linux-x86_64-debian-gcc 0.3.1 2.15 21.73 23.88 OK
r-devel-linux-x86_64-fedora-clang 0.3.1 45.55 NOTE
r-devel-linux-x86_64-fedora-gcc 0.3.1 36.54 OK
r-devel-windows-ix86+x86_64 0.3.1 6.00 37.00 43.00 OK
r-patched-linux-x86_64 0.3.1 2.77 27.34 30.11 OK
r-patched-solaris-x86 0.3.1 53.30 OK
r-release-linux-x86_64 0.3.1 2.67 27.06 29.73 OK
r-release-macos-x86_64 0.3.1 OK
r-release-windows-ix86+x86_64 0.3.1 6.00 37.00 43.00 OK
r-oldrel-macos-x86_64 0.3.1 OK
r-oldrel-windows-ix86+x86_64 0.3.1 4.00 44.00 48.00 OK

Check Details

Version: 0.3.1
Check: Rd cross-references
Result: NOTE
    Undeclared package ‘keras’ in Rd xrefs
Flavor: r-devel-linux-x86_64-fedora-clang