CRAN Package Check Results for Package liqueueR

Last updated on 2024-07-21 03:55:27 CEST.

Flavor Version Tinstall Tcheck Ttotal Status Flags
r-devel-linux-x86_64-debian-clang 0.0.1 2.51 27.26 29.77 NOTE
r-devel-linux-x86_64-debian-gcc 0.0.1 2.09 20.95 23.04 NOTE
r-devel-linux-x86_64-fedora-clang 0.0.1 38.24 NOTE
r-devel-linux-x86_64-fedora-gcc 0.0.1 36.27 NOTE
r-devel-windows-x86_64 0.0.1 4.00 50.00 54.00 NOTE
r-patched-linux-x86_64 0.0.1 2.44 26.32 28.76 NOTE
r-release-linux-x86_64 0.0.1 2.82 26.57 29.39 NOTE
r-release-macos-arm64 0.0.1 17.00 NOTE
r-release-macos-x86_64 0.0.1 34.00 NOTE
r-release-windows-x86_64 0.0.1 4.00 49.00 53.00 NOTE
r-oldrel-macos-arm64 0.0.1 17.00 NOTE
r-oldrel-macos-x86_64 0.0.1 25.00 NOTE
r-oldrel-windows-x86_64 0.0.1 3.00 46.00 49.00 NOTE

Check Details

Version: 0.0.1
Check: LazyData
Result: NOTE 'LazyData' is specified without a 'data' directory Flavors: r-devel-linux-x86_64-debian-clang, r-devel-linux-x86_64-debian-gcc, r-devel-linux-x86_64-fedora-clang, r-devel-linux-x86_64-fedora-gcc, r-devel-windows-x86_64, r-patched-linux-x86_64, r-release-linux-x86_64, r-release-macos-arm64, r-release-macos-x86_64, r-release-windows-x86_64, r-oldrel-macos-arm64, r-oldrel-macos-x86_64, r-oldrel-windows-x86_64