CRAN Package Check Results for Package linkspotter

Last updated on 2021-10-16 15:50:50 CEST.

Flavor Version Tinstall Tcheck Ttotal Status Flags
r-devel-linux-x86_64-debian-clang 1.3.0 8.82 97.56 106.38 NOTE
r-devel-linux-x86_64-debian-gcc 1.3.0 7.65 72.72 80.37 NOTE
r-devel-linux-x86_64-fedora-clang 1.3.0 134.23 NOTE
r-devel-linux-x86_64-fedora-gcc 1.3.0 127.54 NOTE
r-devel-windows-x86_64 1.3.0 11.00 97.00 108.00 NOTE
r-devel-windows-x86_64-gcc10-UCRT 1.3.0 NOTE
r-patched-linux-x86_64 1.3.0 9.72 92.13 101.85 NOTE
r-patched-solaris-x86 1.3.0 168.40 NOTE
r-release-linux-x86_64 1.3.0 7.89 91.73 99.62 NOTE
r-release-macos-arm64 1.3.0 NOTE
r-release-macos-x86_64 1.3.0 WARN
r-release-windows-ix86+x86_64 1.3.0 23.00 134.00 157.00 NOTE
r-oldrel-macos-x86_64 1.3.0 WARN
r-oldrel-windows-ix86+x86_64 1.3.0 23.00 136.00 159.00 OK

Check Details

Version: 1.3.0
Check: LazyData
Result: NOTE
     'LazyData' is specified without a 'data' directory
Flavors: r-devel-linux-x86_64-debian-clang, r-devel-linux-x86_64-debian-gcc, r-devel-linux-x86_64-fedora-clang, r-devel-linux-x86_64-fedora-gcc, r-devel-windows-x86_64, r-devel-windows-x86_64-gcc10-UCRT, r-patched-linux-x86_64, r-patched-solaris-x86, r-release-linux-x86_64, r-release-macos-arm64, r-release-macos-x86_64, r-release-windows-ix86+x86_64

Version: 1.3.0
Check: re-building of vignette outputs
Result: WARN
    Error(s) in re-building vignettes:
     ...
    --- re-building ‘linkspotterVignette.Rmd’ using rmarkdown
    Warning in engine$weave(file, quiet = quiet, encoding = enc) :
     Pandoc (>= 1.12.3) not available. Falling back to R Markdown v1.
    Quitting from lines 109-112 (linkspotterVignette.Rmd)
    Error: processing vignette 'linkspotterVignette.Rmd' failed with diagnostics:
    invalid 'path' argument
    --- failed re-building ‘linkspotterVignette.Rmd’
    
    SUMMARY: processing the following file failed:
     ‘linkspotterVignette.Rmd’
    
    Error: Vignette re-building failed.
    Execution halted
Flavor: r-release-macos-x86_64

Version: 1.3.0
Check: re-building of vignette outputs
Result: WARN
    Error(s) in re-building vignettes:
     ...
    --- re-building ‘linkspotterVignette.Rmd’ using rmarkdown
    Warning in engine$weave(file, quiet = quiet, encoding = enc) :
     Pandoc (>= 1.12.3) and/or pandoc-citeproc not available. Falling back to R Markdown v1.
    Quitting from lines 109-112 (linkspotterVignette.Rmd)
    Error: processing vignette 'linkspotterVignette.Rmd' failed with diagnostics:
    cannot open the connection
    --- failed re-building ‘linkspotterVignette.Rmd’
    
    SUMMARY: processing the following file failed:
     ‘linkspotterVignette.Rmd’
    
    Error: Vignette re-building failed.
    Execution halted
Flavor: r-oldrel-macos-x86_64