CRAN Package Check Results for Package link2GI

Last updated on 2020-08-10 15:48:00 CEST.

Flavor Version Tinstall Tcheck Ttotal Status Flags
r-devel-linux-x86_64-debian-clang 0.4.3 9.80 93.70 103.50 OK
r-devel-linux-x86_64-debian-gcc 0.4.3 10.09 69.52 79.61 OK
r-devel-linux-x86_64-fedora-clang 0.4.3 132.75 NOTE
r-devel-linux-x86_64-fedora-gcc 0.4.3 125.77 NOTE
r-devel-windows-ix86+x86_64 0.4.3 28.00 153.00 181.00 OK
r-patched-linux-x86_64 0.4.3 11.73 91.02 102.75 OK
r-patched-solaris-x86 0.4.3 186.80 NOTE
r-release-linux-x86_64 0.4.3 10.22 91.81 102.03 OK
r-release-macos-x86_64 0.4.3 NOTE
r-release-windows-ix86+x86_64 0.4.3 40.00 149.00 189.00 OK
r-oldrel-macos-x86_64 0.4.3 NOTE
r-oldrel-windows-ix86+x86_64 0.4.3 20.00 91.00 111.00 OK

Check Details

Version: 0.4.3
Check: dependencies in R code
Result: NOTE
    Namespace in Imports field not imported from: ‘methods’
     All declared Imports should be used.
Flavors: r-devel-linux-x86_64-fedora-clang, r-devel-linux-x86_64-fedora-gcc, r-patched-solaris-x86, r-release-macos-x86_64, r-oldrel-macos-x86_64