CRAN Package Check Results for Package lineartestr

Last updated on 2023-02-06 03:54:36 CET.

Flavor Version Tinstall Tcheck Ttotal Status Flags
r-devel-linux-x86_64-debian-clang 1.0.0 2.53 37.55 40.08 NOTE
r-devel-linux-x86_64-debian-gcc 1.0.0 1.76 28.71 30.47 NOTE
r-devel-linux-x86_64-fedora-clang 1.0.0 50.31 NOTE
r-devel-linux-x86_64-fedora-gcc 1.0.0 49.36 NOTE
r-devel-windows-x86_64 1.0.0 20.00 77.00 97.00 NOTE
r-patched-linux-x86_64 1.0.0 2.17 36.50 38.67 NOTE
r-release-linux-x86_64 1.0.0 2.03 37.34 39.37 NOTE
r-release-macos-arm64 1.0.0 16.00 NOTE
r-release-macos-x86_64 1.0.0 35.00 NOTE
r-release-windows-x86_64 1.0.0 23.00 79.00 102.00 NOTE
r-oldrel-macos-arm64 1.0.0 25.00 NOTE
r-oldrel-macos-x86_64 1.0.0 34.00 NOTE
r-oldrel-windows-ix86+x86_64 1.0.0 8.00 67.00 75.00 NOTE

Check Details

Version: 1.0.0
Check: LazyData
Result: NOTE
     'LazyData' is specified without a 'data' directory
Flavors: r-devel-linux-x86_64-debian-clang, r-devel-linux-x86_64-debian-gcc, r-devel-linux-x86_64-fedora-clang, r-devel-linux-x86_64-fedora-gcc, r-devel-windows-x86_64, r-patched-linux-x86_64, r-release-linux-x86_64, r-release-macos-arm64, r-release-macos-x86_64, r-release-windows-x86_64, r-oldrel-macos-arm64, r-oldrel-macos-x86_64, r-oldrel-windows-ix86+x86_64