CRAN Package Check Results for Package linear.tools

Last updated on 2020-09-22 03:49:28 CEST.

Flavor Version Tinstall Tcheck Ttotal Status Flags
r-devel-linux-x86_64-debian-clang 1.3.0 5.38 65.51 70.89 OK
r-devel-linux-x86_64-debian-gcc 1.3.0 0.38 2.21 2.59 ERROR
r-devel-linux-x86_64-fedora-clang 1.3.0 95.58 OK
r-devel-linux-x86_64-fedora-gcc 1.3.0 88.97 OK
r-devel-windows-ix86+x86_64 1.3.0 16.00 76.00 92.00 OK
r-patched-linux-x86_64 1.3.0 5.61 63.51 69.12 OK
r-patched-solaris-x86 1.3.0 129.90 OK
r-release-linux-x86_64 1.3.0 6.57 63.84 70.41 OK
r-release-macos-x86_64 1.3.0 OK
r-release-windows-ix86+x86_64 1.3.0 14.00 97.00 111.00 OK
r-oldrel-macos-x86_64 1.3.0 OK
r-oldrel-windows-ix86+x86_64 1.3.0 9.00 96.00 105.00 OK

Check Details

Version: 1.3.0
Check: whether package can be installed
Result: ERROR
    Installation failed.
Flavor: r-devel-linux-x86_64-debian-gcc