CRAN Package Check Results for Package lin.eval

Last updated on 2024-07-21 03:55:26 CEST.

Flavor Version Tinstall Tcheck Ttotal Status Flags
r-devel-linux-x86_64-debian-clang 0.1.2 4.65 45.83 50.48 NOTE
r-devel-linux-x86_64-debian-gcc 0.1.2 3.84 34.30 38.14 NOTE
r-devel-linux-x86_64-fedora-clang 0.1.2 63.95 NOTE
r-devel-linux-x86_64-fedora-gcc 0.1.2 75.61 NOTE
r-devel-windows-x86_64 0.1.2 6.00 59.00 65.00 NOTE
r-patched-linux-x86_64 0.1.2 3.11 43.86 46.97 NOTE
r-release-linux-x86_64 0.1.2 2.96 44.08 47.04 NOTE
r-release-macos-arm64 0.1.2 30.00 NOTE
r-release-macos-x86_64 0.1.2 42.00 NOTE
r-release-windows-x86_64 0.1.2 5.00 59.00 64.00 NOTE
r-oldrel-macos-arm64 0.1.2 32.00 NOTE
r-oldrel-macos-x86_64 0.1.2 50.00 NOTE
r-oldrel-windows-x86_64 0.1.2 7.00 62.00 69.00 NOTE

Check Details

Version: 0.1.2
Check: LazyData
Result: NOTE 'LazyData' is specified without a 'data' directory Flavors: r-devel-linux-x86_64-debian-clang, r-devel-linux-x86_64-debian-gcc, r-devel-linux-x86_64-fedora-clang, r-devel-linux-x86_64-fedora-gcc, r-devel-windows-x86_64, r-patched-linux-x86_64, r-release-linux-x86_64, r-release-macos-arm64, r-release-macos-x86_64, r-release-windows-x86_64, r-oldrel-macos-arm64, r-oldrel-macos-x86_64, r-oldrel-windows-x86_64