CRAN Package Check Results for Package lin.eval

Last updated on 2023-02-08 04:07:06 CET.

Flavor Version Tinstall Tcheck Ttotal Status Flags
r-devel-linux-x86_64-debian-clang 0.1.2 5.38 43.81 49.19 NOTE
r-devel-linux-x86_64-debian-gcc 0.1.2 3.55 32.81 36.36 NOTE
r-devel-linux-x86_64-fedora-clang 0.1.2 65.35 NOTE
r-devel-linux-x86_64-fedora-gcc 0.1.2 71.59 NOTE
r-devel-windows-x86_64 0.1.2 13.00 75.00 88.00 NOTE
r-patched-linux-x86_64 0.1.2 3.20 42.26 45.46 NOTE
r-release-linux-x86_64 0.1.2 3.84 46.46 50.30 NOTE
r-release-macos-arm64 0.1.2 26.00 NOTE
r-release-macos-x86_64 0.1.2 47.00 NOTE
r-release-windows-x86_64 0.1.2 9.00 90.00 99.00 NOTE
r-oldrel-macos-arm64 0.1.2 28.00 NOTE
r-oldrel-macos-x86_64 0.1.2 37.00 NOTE
r-oldrel-windows-ix86+x86_64 0.1.2 74.00 70.00 144.00 NOTE

Check Details

Version: 0.1.2
Check: LazyData
Result: NOTE
     'LazyData' is specified without a 'data' directory
Flavors: r-devel-linux-x86_64-debian-clang, r-devel-linux-x86_64-debian-gcc, r-devel-linux-x86_64-fedora-clang, r-devel-linux-x86_64-fedora-gcc, r-devel-windows-x86_64, r-patched-linux-x86_64, r-release-linux-x86_64, r-release-macos-arm64, r-release-macos-x86_64, r-release-windows-x86_64, r-oldrel-macos-arm64, r-oldrel-macos-x86_64, r-oldrel-windows-ix86+x86_64