CRAN Package Check Results for Package liminal

Last updated on 2022-08-15 03:52:51 CEST.

Flavor Version Tinstall Tcheck Ttotal Status Flags
r-devel-linux-x86_64-debian-clang 0.1.2 6.04 92.73 98.77 OK
r-devel-linux-x86_64-debian-gcc 0.1.2 5.25 71.17 76.42 OK
r-devel-linux-x86_64-fedora-clang 0.1.2 128.11 NOTE
r-devel-linux-x86_64-fedora-gcc 0.1.2 136.42 OK
r-devel-windows-x86_64 0.1.2 20.00 129.00 149.00 OK
r-patched-linux-x86_64 0.1.2 10.51 93.39 103.90 OK
r-release-linux-x86_64 0.1.2 4.91 92.61 97.52 OK
r-release-macos-arm64 0.1.2 43.00 OK
r-release-macos-x86_64 0.1.2 75.00 OK
r-release-windows-x86_64 0.1.2 10.00 128.00 138.00 OK
r-oldrel-macos-arm64 0.1.2 59.00 OK
r-oldrel-macos-x86_64 0.1.2 62.00 OK
r-oldrel-windows-ix86+x86_64 0.1.2 16.00 125.00 141.00 OK

Check Details

Version: 0.1.2
Check: Rd cross-references
Result: NOTE
    Undeclared package ‘tidyselect’ in Rd xrefs
Flavor: r-devel-linux-x86_64-fedora-clang