Last updated on 2021-01-26 15:49:49 CET.
Flavor | Version | Tinstall | Tcheck | Ttotal | Status | Flags |
---|---|---|---|---|---|---|
r-devel-linux-x86_64-debian-clang | 6.3.0 | 28.24 | 126.61 | 154.85 | OK | |
r-devel-linux-x86_64-debian-gcc | 6.3.0 | 19.16 | 91.11 | 110.27 | OK | |
r-devel-linux-x86_64-fedora-clang | 6.3.0 | 200.07 | OK | |||
r-devel-linux-x86_64-fedora-gcc | 6.3.0 | 182.92 | OK | |||
r-devel-windows-ix86+x86_64 | 6.3.0 | 51.00 | 151.00 | 202.00 | OK | |
r-patched-linux-x86_64 | 6.3.0 | 25.64 | 113.63 | 139.27 | OK | |
r-patched-solaris-x86 | 6.3.0 | 222.00 | OK | |||
r-release-linux-x86_64 | 6.3.0 | 24.12 | 115.67 | 139.79 | OK | |
r-release-macos-x86_64 | 6.3.0 | OK | ||||
r-release-windows-ix86+x86_64 | 6.3.0 | 50.00 | 113.00 | 163.00 | OK | |
r-oldrel-macos-x86_64 | 6.3.0 | FAIL | ||||
r-oldrel-windows-ix86+x86_64 | 6.3.0 | 38.00 | 156.00 | 194.00 | OK |
Version: 6.3.0
Check: whether package can be installed
Result: FAIL
Flavor: r-oldrel-macos-x86_64