CRAN Package Check Results for Package lidR

Last updated on 2020-10-28 15:49:15 CET.

Flavor Version Tinstall Tcheck Ttotal Status Flags
r-devel-linux-x86_64-debian-clang 3.0.4 108.79 392.07 500.86 OK
r-devel-linux-x86_64-debian-gcc 3.0.4 87.08 295.43 382.51 OK
r-devel-linux-x86_64-fedora-clang 3.0.4 626.86 NOTE
r-devel-linux-x86_64-fedora-gcc 3.0.4 699.97 OK
r-devel-windows-ix86+x86_64 3.0.4 231.00 783.00 1014.00 NOTE
r-patched-linux-x86_64 3.0.4 NOTE
r-patched-solaris-x86 3.0.4 676.30 OK
r-release-linux-x86_64 3.0.4 106.27 368.13 474.40 OK
r-release-macos-x86_64 3.0.4 NOTE
r-release-windows-ix86+x86_64 3.0.4 165.00 599.00 764.00 NOTE
r-oldrel-macos-x86_64 3.0.4 NOTE
r-oldrel-windows-ix86+x86_64 3.0.4 218.00 757.00 975.00 NOTE

Check Details

Version: 3.0.4
Check: installed package size
Result: NOTE
     installed size is 11.9Mb
     sub-directories of 1Mb or more:
     doc 1.0Mb
     extdata 1.2Mb
     libs 8.3Mb
Flavors: r-devel-linux-x86_64-fedora-clang, r-devel-windows-ix86+x86_64, r-release-macos-x86_64, r-release-windows-ix86+x86_64, r-oldrel-macos-x86_64, r-oldrel-windows-ix86+x86_64

Version: 3.0.4
Check: package dependencies
Result: NOTE
    Package suggested but not available for checking: ‘concaveman’
Flavor: r-patched-linux-x86_64