CRAN Package Check Results for Package libstable4u

Last updated on 2024-07-24 03:49:19 CEST.

Flavor Version Tinstall Tcheck Ttotal Status Flags
r-devel-linux-x86_64-debian-clang 1.0.4 17.88 32.01 49.89 OK
r-devel-linux-x86_64-debian-gcc 1.0.4 12.59 24.82 37.41 OK
r-devel-linux-x86_64-fedora-clang 1.0.4 80.00 OK
r-devel-linux-x86_64-fedora-gcc 1.0.4 69.74 OK
r-devel-windows-x86_64 1.0.4 21.00 75.00 96.00 OK
r-patched-linux-x86_64 1.0.4 19.29 30.16 49.45 OK
r-release-linux-x86_64 1.0.4 15.33 31.03 46.36 OK
r-release-macos-arm64 1.0.4 26.00 OK
r-release-macos-x86_64 1.0.4 58.00 NOTE
r-release-windows-x86_64 1.0.4 26.00 74.00 100.00 OK
r-oldrel-macos-arm64 1.0.4 30.00 OK
r-oldrel-macos-x86_64 1.0.4 57.00 NOTE
r-oldrel-windows-x86_64 1.0.4 21.00 83.00 104.00 OK

Check Details

Version: 1.0.4
Check: installed package size
Result: NOTE installed size is 5.1Mb sub-directories of 1Mb or more: libs 5.0Mb Flavors: r-release-macos-x86_64, r-oldrel-macos-x86_64