Last updated on 2023-02-09 03:56:14 CET.
Flavor | Version | Tinstall | Tcheck | Ttotal | Status | Flags |
---|---|---|---|---|---|---|
r-devel-linux-x86_64-debian-clang | 2.2.0 | 83.72 | 139.26 | 222.98 | NOTE | |
r-devel-linux-x86_64-debian-gcc | 2.2.0 | 59.85 | 101.15 | 161.00 | NOTE | |
r-devel-linux-x86_64-fedora-clang | 2.2.0 | 299.53 | NOTE | |||
r-devel-linux-x86_64-fedora-gcc | 2.2.0 | 293.79 | NOTE | |||
r-devel-windows-x86_64 | 2.2.0 | 106.00 | 209.00 | 315.00 | NOTE | |
r-patched-linux-x86_64 | 2.2.0 | 68.79 | 128.63 | 197.42 | OK | |
r-release-linux-x86_64 | 2.2.0 | 66.56 | 124.43 | 190.99 | OK | |
r-release-macos-arm64 | 2.2.0 | 78.00 | OK | |||
r-release-macos-x86_64 | 2.2.0 | 100.00 | OK | |||
r-release-windows-x86_64 | 2.2.0 | 137.00 | 200.00 | 337.00 | NOTE | |
r-oldrel-macos-arm64 | 2.2.0 | 78.00 | OK | |||
r-oldrel-macos-x86_64 | 2.2.0 | 109.00 | OK | |||
r-oldrel-windows-ix86+x86_64 | 2.2.0 | 185.00 | 266.00 | 451.00 | NOTE |
Version: 2.2.0
Check: C++ specification
Result: NOTE
Specified C++11: please update to current default of C++17
Flavor: r-devel-linux-x86_64-debian-clang
Version: 2.2.0
Check: C++ specification
Result: NOTE
Specified C++11: please drop specification unless essential
Flavors: r-devel-linux-x86_64-debian-gcc, r-devel-linux-x86_64-fedora-clang, r-devel-linux-x86_64-fedora-gcc, r-devel-windows-x86_64
Version: 2.2.0
Check: package dependencies
Result: NOTE
Package suggested but not available for checking: 'doMC'
Flavors: r-devel-windows-x86_64, r-release-windows-x86_64, r-oldrel-windows-ix86+x86_64
Version: 2.2.0
Check: Rd cross-references
Result: NOTE
Package unavailable to check Rd xrefs: 'doMC'
Flavor: r-oldrel-windows-ix86+x86_64