CRAN Package Check Results for Package lfe

Last updated on 2024-06-13 03:49:23 CEST.

Flavor Version Tinstall Tcheck Ttotal Status Flags
r-devel-linux-x86_64-debian-clang 3.0-0 20.78 190.94 211.72 NOTE
r-devel-linux-x86_64-debian-gcc 3.0-0 14.08 141.27 155.35 ERROR
r-devel-linux-x86_64-fedora-clang 3.0-0 265.69 NOTE
r-devel-linux-x86_64-fedora-gcc 3.0-0 273.56 NOTE
r-devel-windows-x86_64 3.0-0 35.00 197.00 232.00 NOTE
r-patched-linux-x86_64 3.0-0 23.60 187.11 210.71 OK
r-release-linux-x86_64 3.0-0 17.11 185.76 202.87 OK
r-release-macos-arm64 3.0-0 120.00 OK
r-release-macos-x86_64 3.0-0 166.00 WARN
r-release-windows-x86_64 3.0-0 36.00 200.00 236.00 OK
r-oldrel-macos-arm64 3.0-0 126.00 OK
r-oldrel-macos-x86_64 3.0-0 228.00 OK
r-oldrel-windows-x86_64 3.0-0 41.00 214.00 255.00 OK

Check Details

Version: 3.0-0
Check: compiled code
Result: NOTE File ‘lfe/libs/lfe.so’: Found non-API call to R: ‘SET_NAMED’ Compiled code should not call non-API entry points in R. See ‘Writing portable packages’ in the ‘Writing R Extensions’ manual. Flavors: r-devel-linux-x86_64-debian-clang, r-devel-linux-x86_64-debian-gcc, r-devel-linux-x86_64-fedora-clang, r-devel-linux-x86_64-fedora-gcc

Version: 3.0-0
Check: package dependencies
Result: NOTE Package suggested but not available for checking: ‘igraph’ Flavor: r-devel-linux-x86_64-debian-gcc

Version: 3.0-0
Check: re-building of vignette outputs
Result: ERROR Error(s) in re-building vignettes: ... --- re-building ‘biascorrection.Rnw’ using knitr --- finished re-building ‘biascorrection.Rnw’ --- re-building ‘identification.Rnw’ using knitr --- finished re-building ‘identification.Rnw’ --- re-building ‘lfehow.Rnw’ using knitr --- finished re-building ‘lfehow.Rnw’ --- re-building ‘speed.Rnw’ using knitr Quitting from lines 144-156 [unnamed-chunk-9] (speed.Rnw) Error: processing vignette 'speed.Rnw' failed with diagnostics: there is no package called 'igraph' --- failed re-building ‘speed.Rnw’ SUMMARY: processing the following file failed: ‘speed.Rnw’ Error: Vignette re-building failed. Execution halted Flavor: r-devel-linux-x86_64-debian-gcc

Version: 3.0-0
Check: compiled code
Result: NOTE File 'lfe/libs/x64/lfe.dll': Found non-API call to R: 'SET_NAMED' Compiled code should not call non-API entry points in R. See 'Writing portable packages' in the 'Writing R Extensions' manual. Flavor: r-devel-windows-x86_64

Version: 3.0-0
Check: re-building of vignette outputs
Result: WARN Error(s) in re-building vignettes: --- re-building ‘biascorrection.Rnw’ using knitr --- finished re-building ‘biascorrection.Rnw’ --- re-building ‘identification.Rnw’ using knitr Error: processing vignette 'identification.Rnw' failed with diagnostics: Running 'texi2dvi' on 'identification.tex' failed. LaTeX errors: ! Undefined control sequence. l.91 \hlkwd{lm}\hldef {(y} \hlopt{~} \hldef{x1} \hlopt{+} \hldef{x2} \hlopt{+... ? ! Emergency stop. l.91 End of file on the terminal! ! ==> Fatal error occurred, no output PDF file produced! --- failed re-building ‘identification.Rnw’ --- re-building ‘lfehow.Rnw’ using knitr Error: processing vignette 'lfehow.Rnw' failed with diagnostics: Running 'texi2dvi' on 'lfehow.tex' failed. LaTeX errors: ! Undefined control sequence. l.107 \hldef {Y} \hlopt{~} \hldef{X1} \hlopt{+} \hldef{X2} \hlopt{+} \hldef{.... ? ! Emergency stop. l.107 End of file on the terminal! ! ==> Fatal error occurred, no output PDF file produced! --- failed re-building ‘lfehow.Rnw’ --- re-building ‘speed.Rnw’ using knitr Error: processing vignette 'speed.Rnw' failed with diagnostics: Running 'texi2dvi' on 'speed.tex' failed. LaTeX errors: ! Undefined control sequence. l.106 \hlkwd{library}\hldef {(lfe)} ? ! Emergency stop. ! Emergency stop. l.106 End of file on the terminal! ! ==> Fatal error occurred, no output PDF file produced! --- failed re-building ‘speed.Rnw’ SUMMARY: processing the following files failed: ‘identification.Rnw’ ‘lfehow.Rnw’ ‘speed.Rnw’ Error: Vignette re-building failed. Execution halted Flavor: r-release-macos-x86_64