CRAN Package Check Results for Package lfe

Last updated on 2020-11-30 03:47:44 CET.

Flavor Version Tinstall Tcheck Ttotal Status Flags
r-devel-linux-x86_64-debian-clang 2.8-5.1 24.10 229.60 253.70 OK
r-devel-linux-x86_64-debian-gcc 2.8-5.1 17.19 179.06 196.25 OK
r-devel-linux-x86_64-fedora-clang 2.8-5.1 308.05 OK
r-devel-linux-x86_64-fedora-gcc 2.8-5.1 304.96 OK
r-devel-windows-ix86+x86_64 2.8-5.1 50.00 295.00 345.00 OK
r-patched-linux-x86_64 2.8-5.1 23.61 228.94 252.55 OK
r-patched-solaris-x86 2.8-5.1 321.80 NOTE --no-vignettes
r-release-linux-x86_64 2.8-5.1 23.64 226.39 250.03 OK
r-release-macos-x86_64 2.8-5.1 OK
r-release-windows-ix86+x86_64 2.8-5.1 52.00 298.00 350.00 OK
r-oldrel-macos-x86_64 2.8-5.1 OK
r-oldrel-windows-ix86+x86_64 2.8-5.1 43.00 358.00 401.00 OK

Check Details

Version: 2.8-5.1
Flags: --no-vignettes
Check: compilation flags used
Result: NOTE
    Compilation used the following non-portable flag(s):
     ‘-mt’
Flavor: r-patched-solaris-x86