Last updated on 2022-08-07 15:55:52 CEST.
Flavor | Version | Tinstall | Tcheck | Ttotal | Status | Flags |
---|---|---|---|---|---|---|
r-devel-linux-x86_64-debian-clang | 1.0.3 | 229.37 | 116.17 | 345.54 | NOTE | |
r-devel-linux-x86_64-debian-gcc | 1.0.3 | 193.64 | 86.44 | 280.08 | NOTE | |
r-devel-windows-x86_64 | 1.0.3 | 692.00 | 155.00 | 847.00 | NOTE | |
r-patched-linux-x86_64 | 1.0.3 | 143.53 | 107.72 | 251.25 | NOTE | |
r-release-linux-x86_64 | 1.0.3 | 141.02 | 109.49 | 250.51 | NOTE | |
r-release-macos-arm64 | 1.0.3 | 135.00 | NOTE | |||
r-release-macos-x86_64 | 1.0.3 | 199.00 | NOTE | |||
r-release-windows-x86_64 | 1.0.3 | 818.00 | 163.00 | 981.00 | NOTE | |
r-oldrel-macos-arm64 | 1.0.3 | 119.00 | NOTE | |||
r-oldrel-macos-x86_64 | 1.0.3 | 162.00 | NOTE | |||
r-oldrel-windows-ix86+x86_64 | 1.0.3 | 619.00 | 190.00 | 809.00 | NOTE |
Version: 1.0.3
Check: for GNU extensions in Makefiles
Result: NOTE
GNU make is a SystemRequirements.
Flavors: r-devel-linux-x86_64-debian-clang, r-devel-linux-x86_64-debian-gcc, r-devel-windows-x86_64, r-patched-linux-x86_64, r-release-linux-x86_64, r-release-macos-arm64, r-release-macos-x86_64, r-release-windows-x86_64, r-oldrel-macos-arm64, r-oldrel-macos-x86_64, r-oldrel-windows-ix86+x86_64