Last updated on 2022-08-13 04:57:51 CEST.
Flavor | Version | Tinstall | Tcheck | Ttotal | Status | Flags |
---|---|---|---|---|---|---|
r-devel-linux-x86_64-debian-clang | 0.1.1 | 57.97 | 131.28 | 189.25 | OK | |
r-devel-linux-x86_64-debian-gcc | 0.1.1 | 47.35 | 95.65 | 143.00 | OK | |
r-devel-linux-x86_64-fedora-clang | 0.1.1 | 263.24 | OK | |||
r-devel-linux-x86_64-fedora-gcc | 0.1.1 | 249.69 | OK | |||
r-devel-windows-x86_64 | 0.1.1 | 54.00 | 171.00 | 225.00 | NOTE | |
r-patched-linux-x86_64 | 0.1.1 | 51.02 | 125.27 | 176.29 | OK | |
r-release-linux-x86_64 | 0.1.1 | 47.07 | 121.04 | 168.11 | OK | |
r-release-macos-arm64 | 0.1.1 | 61.00 | OK | |||
r-release-macos-x86_64 | 0.1.1 | 103.00 | OK | |||
r-release-windows-x86_64 | 0.1.1 | 53.00 | 176.00 | 229.00 | NOTE | |
r-oldrel-macos-arm64 | 0.1.1 | 57.00 | OK | |||
r-oldrel-macos-x86_64 | 0.1.1 | 82.00 | OK | |||
r-oldrel-windows-ix86+x86_64 | 0.1.1 | 137.00 | 198.00 | 335.00 | NOTE |
Version: 0.1.1
Check: package dependencies
Result: NOTE
Package suggested but not available for checking: 'doMC'
Flavors: r-devel-windows-x86_64, r-release-windows-x86_64, r-oldrel-windows-ix86+x86_64