CRAN Package Check Results for Package leafsync

Last updated on 2022-10-07 03:55:57 CEST.

Flavor Version Tinstall Tcheck Ttotal Status Flags
r-devel-linux-x86_64-debian-clang 0.1.0 2.37 24.13 26.50 NOTE
r-devel-linux-x86_64-debian-gcc 0.1.0 1.59 18.38 19.97 NOTE
r-devel-linux-x86_64-fedora-clang 0.1.0 44.10 NOTE
r-devel-linux-x86_64-fedora-gcc 0.1.0 40.70 NOTE
r-devel-windows-x86_64 0.1.0 8.00 50.00 58.00 NOTE
r-patched-linux-x86_64 0.1.0 2.35 22.27 24.62 NOTE
r-release-linux-x86_64 0.1.0 1.66 22.63 24.29 NOTE
r-release-macos-arm64 0.1.0 15.00 NOTE
r-release-macos-x86_64 0.1.0 26.00 NOTE
r-release-windows-x86_64 0.1.0 15.00 49.00 64.00 NOTE
r-oldrel-macos-arm64 0.1.0 20.00 NOTE
r-oldrel-macos-x86_64 0.1.0 29.00 NOTE
r-oldrel-windows-ix86+x86_64 0.1.0 6.00 46.00 52.00 NOTE

Check Details

Version: 0.1.0
Check: LazyData
Result: NOTE
     'LazyData' is specified without a 'data' directory
Flavors: r-devel-linux-x86_64-debian-clang, r-devel-linux-x86_64-debian-gcc, r-devel-linux-x86_64-fedora-clang, r-devel-linux-x86_64-fedora-gcc, r-devel-windows-x86_64, r-patched-linux-x86_64, r-release-linux-x86_64, r-release-macos-arm64, r-release-macos-x86_64, r-release-windows-x86_64, r-oldrel-macos-arm64, r-oldrel-macos-x86_64, r-oldrel-windows-ix86+x86_64

Version: 0.1.0
Check: dependencies in R code
Result: NOTE
    Namespace in Imports field not imported from: ‘leaflet’
     All declared Imports should be used.
Flavors: r-devel-linux-x86_64-fedora-clang, r-devel-linux-x86_64-fedora-gcc, r-release-macos-arm64, r-release-macos-x86_64, r-oldrel-macos-arm64, r-oldrel-macos-x86_64