CRAN Package Check Results for Package leaflet.opacity

Last updated on 2023-02-04 16:55:52 CET.

Flavor Version Tinstall Tcheck Ttotal Status Flags
r-devel-linux-x86_64-debian-clang 0.1.0 2.29 49.29 51.58 NOTE
r-devel-linux-x86_64-debian-gcc 0.1.0 1.82 36.79 38.61 NOTE
r-devel-linux-x86_64-fedora-clang 0.1.0 66.78 NOTE
r-devel-linux-x86_64-fedora-gcc 0.1.0 78.14 NOTE
r-devel-windows-x86_64 0.1.0 109.00 80.00 189.00 NOTE
r-patched-linux-x86_64 0.1.0 1.95 50.03 51.98 NOTE
r-release-linux-x86_64 0.1.0 2.24 50.10 52.34 NOTE
r-release-macos-arm64 0.1.0 23.00 NOTE
r-release-macos-x86_64 0.1.0 34.00 NOTE
r-release-windows-x86_64 0.1.0 36.00 84.00 120.00 NOTE
r-oldrel-macos-arm64 0.1.0 24.00 NOTE
r-oldrel-macos-x86_64 0.1.0 34.00 NOTE
r-oldrel-windows-ix86+x86_64 0.1.0 7.00 81.00 88.00 NOTE

Check Details

Version: 0.1.0
Check: LazyData
Result: NOTE
     'LazyData' is specified without a 'data' directory
Flavors: r-devel-linux-x86_64-debian-clang, r-devel-linux-x86_64-debian-gcc, r-devel-linux-x86_64-fedora-clang, r-devel-linux-x86_64-fedora-gcc, r-devel-windows-x86_64, r-patched-linux-x86_64, r-release-linux-x86_64, r-release-macos-arm64, r-release-macos-x86_64, r-release-windows-x86_64, r-oldrel-macos-arm64, r-oldrel-macos-x86_64, r-oldrel-windows-ix86+x86_64