CRAN Package Check Results for Package leaflet.multiopacity

Last updated on 2023-01-28 15:50:31 CET.

Flavor Version Tinstall Tcheck Ttotal Status Flags
r-devel-linux-x86_64-debian-clang 0.1.1 2.02 54.06 56.08 NOTE
r-devel-linux-x86_64-debian-gcc 0.1.1 1.75 39.03 40.78 NOTE
r-devel-linux-x86_64-fedora-clang 0.1.1 67.44 NOTE
r-devel-linux-x86_64-fedora-gcc 0.1.1 78.04 NOTE
r-devel-windows-x86_64 0.1.1 45.00 97.00 142.00 NOTE
r-patched-linux-x86_64 0.1.1 2.21 51.81 54.02 NOTE
r-release-linux-x86_64 0.1.1 1.95 50.59 52.54 NOTE
r-release-macos-arm64 0.1.1 24.00 NOTE
r-release-macos-x86_64 0.1.1 34.00 NOTE
r-release-windows-x86_64 0.1.1 56.00 89.00 145.00 NOTE
r-oldrel-macos-arm64 0.1.1 87.00 NOTE
r-oldrel-macos-x86_64 0.1.1 35.00 NOTE
r-oldrel-windows-ix86+x86_64 0.1.1 7.00 79.00 86.00 NOTE

Check Details

Version: 0.1.1
Check: LazyData
Result: NOTE
     'LazyData' is specified without a 'data' directory
Flavors: r-devel-linux-x86_64-debian-clang, r-devel-linux-x86_64-debian-gcc, r-devel-linux-x86_64-fedora-clang, r-devel-linux-x86_64-fedora-gcc, r-devel-windows-x86_64, r-patched-linux-x86_64, r-release-linux-x86_64, r-release-macos-arm64, r-release-macos-x86_64, r-release-windows-x86_64, r-oldrel-macos-arm64, r-oldrel-macos-x86_64, r-oldrel-windows-ix86+x86_64