CRAN Package Check Results for Package leaflet.minicharts

Last updated on 2020-09-20 03:47:29 CEST.

Flavor Version Tinstall Tcheck Ttotal Status Flags
r-devel-linux-x86_64-debian-clang 0.6.0 3.28 34.65 37.93 OK
r-devel-linux-x86_64-debian-gcc 0.6.0 2.52 27.31 29.83 OK
r-devel-linux-x86_64-fedora-clang 0.6.0 55.56 OK
r-devel-linux-x86_64-fedora-gcc 0.6.0 54.72 OK
r-devel-windows-ix86+x86_64 0.6.0 8.00 46.00 54.00 OK
r-patched-linux-x86_64 0.6.0 2.83 34.14 36.97 OK
r-patched-solaris-x86 0.6.0 70.00 WARN
r-release-linux-x86_64 0.6.0 3.05 34.50 37.55 OK
r-release-macos-x86_64 0.6.0 WARN
r-release-windows-ix86+x86_64 0.6.0 7.00 64.00 71.00 OK
r-oldrel-macos-x86_64 0.6.0 WARN
r-oldrel-windows-ix86+x86_64 0.6.0 4.00 39.00 43.00 OK

Check Details

Version: 0.6.0
Check: re-building of vignette outputs
Result: WARN
    Error(s) in re-building vignettes:
     ...
    --- re-building ‘introduction.Rmd’ using rmarkdown
    Warning in engine$weave(file, quiet = quiet, encoding = enc) :
     Pandoc (>= 1.12.3) and/or pandoc-citeproc not available. Falling back to R Markdown v1.
    
    Attaching package: 'dplyr'
    
    The following objects are masked from 'package:stats':
    
     filter, lag
    
    The following objects are masked from 'package:base':
    
     intersect, setdiff, setequal, union
    
    Quitting from lines 67-77 (introduction.Rmd)
    Error: processing vignette 'introduction.Rmd' failed with diagnostics:
    cannot open the connection
    --- failed re-building ‘introduction.Rmd’
    
    SUMMARY: processing the following file failed:
     ‘introduction.Rmd’
    
    Error: Vignette re-building failed.
    Execution halted
Flavors: r-patched-solaris-x86, r-release-macos-x86_64, r-oldrel-macos-x86_64