CRAN Package Check Results for Package leaflet

Last updated on 2020-09-26 15:46:43 CEST.

Flavor Version Tinstall Tcheck Ttotal Status Flags
r-devel-linux-x86_64-debian-clang 2.0.3 6.39 52.23 58.62 OK
r-devel-linux-x86_64-debian-gcc 2.0.3 5.07 40.12 45.19 OK
r-devel-linux-x86_64-fedora-clang 2.0.3 77.47 OK
r-devel-linux-x86_64-fedora-gcc 2.0.3 67.54 OK
r-devel-windows-ix86+x86_64 2.0.3 12.00 74.00 86.00 OK
r-patched-linux-x86_64 2.0.3 6.93 50.14 57.07 OK
r-patched-solaris-x86 2.0.3 93.20 NOTE
r-release-linux-x86_64 2.0.3 3.86 50.38 54.24 OK
r-release-macos-x86_64 2.0.3 OK
r-release-windows-ix86+x86_64 2.0.3 14.00 85.00 99.00 OK
r-oldrel-macos-x86_64 2.0.3 OK
r-oldrel-windows-ix86+x86_64 2.0.3 12.00 72.00 84.00 OK

Check Details

Version: 2.0.3
Check: installed package size
Result: NOTE
     installed size is 5.4Mb
     sub-directories of 1Mb or more:
     htmlwidgets 3.9Mb
Flavor: r-patched-solaris-x86