Last updated on 2022-08-09 15:56:17 CEST.
Flavor | Version | Tinstall | Tcheck | Ttotal | Status | Flags |
---|---|---|---|---|---|---|
r-devel-linux-x86_64-debian-clang | 1.0.0 | 5.03 | 41.24 | 46.27 | NOTE | |
r-devel-linux-x86_64-debian-gcc | 1.0.0 | 3.93 | 31.86 | 35.79 | NOTE | |
r-devel-linux-x86_64-fedora-clang | 1.0.0 | 65.87 | NOTE | |||
r-devel-linux-x86_64-fedora-gcc | 1.0.0 | 65.09 | NOTE | |||
r-devel-windows-x86_64 | 1.0.0 | 425.00 | 73.00 | 498.00 | NOTE | |
r-patched-linux-x86_64 | 1.0.0 | 10.55 | 39.26 | 49.81 | NOTE | |
r-release-linux-x86_64 | 1.0.0 | NOTE | ||||
r-release-macos-arm64 | 1.0.0 | 22.00 | NOTE | |||
r-release-macos-x86_64 | 1.0.0 | 46.00 | NOTE | |||
r-release-windows-x86_64 | 1.0.0 | 591.00 | 70.00 | 661.00 | NOTE | |
r-oldrel-macos-arm64 | 1.0.0 | 25.00 | NOTE | |||
r-oldrel-macos-x86_64 | 1.0.0 | 34.00 | NOTE | |||
r-oldrel-windows-ix86+x86_64 | 1.0.0 | 14.00 | 60.00 | 74.00 | NOTE |
Version: 1.0.0
Check: LazyData
Result: NOTE
'LazyData' is specified without a 'data' directory
Flavors: r-devel-linux-x86_64-debian-clang, r-devel-linux-x86_64-debian-gcc, r-devel-linux-x86_64-fedora-clang, r-devel-linux-x86_64-fedora-gcc, r-devel-windows-x86_64, r-patched-linux-x86_64, r-release-linux-x86_64, r-release-macos-arm64, r-release-macos-x86_64, r-release-windows-x86_64, r-oldrel-macos-arm64, r-oldrel-macos-x86_64, r-oldrel-windows-ix86+x86_64