CRAN Package Check Results for Package leafSTAR

Last updated on 2021-09-19 03:51:11 CEST.

Flavor Version Tinstall Tcheck Ttotal Status Flags
r-devel-linux-x86_64-debian-clang 1.0 3.01 26.51 29.52 OK
r-devel-linux-x86_64-debian-gcc 1.0 1.97 20.66 22.63 OK
r-devel-linux-x86_64-fedora-clang 1.0 44.96 OK
r-devel-linux-x86_64-fedora-gcc 1.0 34.03 OK
r-devel-windows-x86_64 1.0 5.00 40.00 45.00 OK
r-devel-windows-x86_64-gcc10-UCRT 1.0 ERROR
r-patched-linux-x86_64 1.0 2.68 25.96 28.64 OK
r-patched-solaris-x86 1.0 50.30 OK
r-release-linux-x86_64 1.0 2.39 25.90 28.29 OK
r-release-macos-arm64 1.0 OK
r-release-macos-x86_64 1.0 OK
r-release-windows-ix86+x86_64 1.0 7.00 30.00 37.00 OK
r-oldrel-macos-x86_64 1.0 OK
r-oldrel-windows-ix86+x86_64 1.0 6.00 30.00 36.00 OK

Check Details

Version: 1.0
Check: whether package can be installed
Result: WARN
    Found the following significant warnings:
     WARNING: installation-time patches will not be applied, could not get the patches index
Flavor: r-devel-windows-x86_64-gcc10-UCRT

Version: 1.0
Check: PDF version of manual
Result: WARN
    LaTeX errors when creating PDF version.
    This typically indicates Rd problems.
Flavor: r-devel-windows-x86_64-gcc10-UCRT

Version: 1.0
Check: PDF version of manual without hyperrefs or index
Result: ERROR
    Re-running with no redirection of stdout/stderr.
Flavor: r-devel-windows-x86_64-gcc10-UCRT