CRAN Package Check Results for Package leafR

Last updated on 2024-06-22 03:49:34 CEST.

Flavor Version Tinstall Tcheck Ttotal Status Flags
r-devel-linux-x86_64-debian-clang 0.3.5 27.33 325.54 352.87 NOTE
r-devel-linux-x86_64-debian-gcc 0.3.5 25.94 228.75 254.69 NOTE
r-devel-linux-x86_64-fedora-clang 0.3.5 425.04 NOTE
r-devel-linux-x86_64-fedora-gcc 0.3.5 405.81 NOTE
r-devel-windows-x86_64 0.3.5 25.00 193.00 218.00 NOTE
r-patched-linux-x86_64 0.3.5 30.67 302.52 333.19 NOTE
r-release-linux-x86_64 0.3.5 27.00 304.17 331.17 NOTE
r-release-macos-arm64 0.3.5 88.00 NOTE
r-release-macos-x86_64 0.3.5 156.00 NOTE
r-release-windows-x86_64 0.3.5 26.00 196.00 222.00 NOTE
r-oldrel-macos-arm64 0.3.5 109.00 NOTE
r-oldrel-macos-x86_64 0.3.5 193.00 NOTE
r-oldrel-windows-x86_64 0.3.5 35.00 256.00 291.00 NOTE

Check Details

Version: 0.3.5
Check: package subdirectories
Result: NOTE Problems with news in ‘NEWS.md’: Cannot extract version info from the following section titles: light.interception.voxels() - This function create the Fraction absorbed incident light light.interception.raster() - Create a raster of Fraction absorbed incident light light.incident.voxels() - This function create the Fraction incident light light.incident.raster() - Create a raster of the Fraction incident light Flavors: r-devel-linux-x86_64-debian-clang, r-devel-linux-x86_64-debian-gcc, r-devel-linux-x86_64-fedora-clang, r-devel-linux-x86_64-fedora-gcc, r-devel-windows-x86_64, r-patched-linux-x86_64, r-release-linux-x86_64, r-release-macos-arm64, r-release-macos-x86_64, r-release-windows-x86_64, r-oldrel-macos-arm64, r-oldrel-macos-x86_64, r-oldrel-windows-x86_64