Last updated on 2023-01-28 15:50:31 CET.
Flavor | Version | Tinstall | Tcheck | Ttotal | Status | Flags |
---|---|---|---|---|---|---|
r-devel-linux-x86_64-debian-clang | 0.5.1 | 12.12 | 103.64 | 115.76 | NOTE | |
r-devel-linux-x86_64-debian-gcc | 0.5.1 | 9.74 | 76.35 | 86.09 | NOTE | |
r-devel-linux-x86_64-fedora-clang | 0.5.1 | 141.88 | NOTE | |||
r-devel-linux-x86_64-fedora-gcc | 0.5.1 | 140.13 | NOTE | |||
r-devel-windows-x86_64 | 0.5.1 | 27.00 | 134.00 | 161.00 | NOTE | |
r-patched-linux-x86_64 | 0.5.1 | 12.89 | 98.99 | 111.88 | NOTE | |
r-release-linux-x86_64 | 0.5.1 | 10.95 | 98.88 | 109.83 | NOTE | |
r-release-macos-arm64 | 0.5.1 | 37.00 | NOTE | |||
r-release-macos-x86_64 | 0.5.1 | 73.00 | NOTE | |||
r-release-windows-x86_64 | 0.5.1 | 37.00 | 133.00 | 170.00 | NOTE | |
r-oldrel-macos-arm64 | 0.5.1 | 46.00 | NOTE | |||
r-oldrel-macos-x86_64 | 0.5.1 | 66.00 | NOTE | |||
r-oldrel-windows-ix86+x86_64 | 0.5.1 | 26.00 | 123.00 | 149.00 | NOTE |
Version: 0.5.1
Check: LazyData
Result: NOTE
'LazyData' is specified without a 'data' directory
Flavors: r-devel-linux-x86_64-debian-clang, r-devel-linux-x86_64-debian-gcc, r-devel-linux-x86_64-fedora-clang, r-devel-linux-x86_64-fedora-gcc, r-devel-windows-x86_64, r-patched-linux-x86_64, r-release-linux-x86_64, r-release-macos-arm64, r-release-macos-x86_64, r-release-windows-x86_64, r-oldrel-macos-arm64, r-oldrel-macos-x86_64, r-oldrel-windows-ix86+x86_64