CRAN Package Check Results for Package ldat

Last updated on 2022-10-01 15:52:55 CEST.

Flavor Version Tinstall Tcheck Ttotal Status Flags
r-devel-linux-x86_64-debian-clang 0.3.3 48.05 40.02 88.07 NOTE
r-devel-linux-x86_64-debian-gcc 0.3.3 37.50 31.52 69.02 NOTE
r-devel-linux-x86_64-fedora-clang 0.3.3 13.35 ERROR
r-devel-linux-x86_64-fedora-gcc 0.3.3 123.60 NOTE
r-devel-windows-x86_64 0.3.3 58.00 109.00 167.00 NOTE
r-patched-linux-x86_64 0.3.3 42.86 38.58 81.44 NOTE
r-release-linux-x86_64 0.3.3 39.98 38.97 78.95 NOTE
r-release-macos-arm64 0.3.3 37.00 NOTE
r-release-macos-x86_64 0.3.3 48.00 NOTE
r-release-windows-x86_64 0.3.3 62.00 106.00 168.00 NOTE
r-oldrel-macos-arm64 0.3.3 46.00 NOTE
r-oldrel-macos-x86_64 0.3.3 72.00 NOTE
r-oldrel-windows-ix86+x86_64 0.3.3 135.00 101.00 236.00 NOTE

Check Details

Version: 0.3.3
Check: LazyData
Result: NOTE
     'LazyData' is specified without a 'data' directory
Flavors: r-devel-linux-x86_64-debian-clang, r-devel-linux-x86_64-debian-gcc, r-devel-linux-x86_64-fedora-gcc, r-devel-windows-x86_64, r-patched-linux-x86_64, r-release-linux-x86_64, r-release-macos-arm64, r-release-macos-x86_64, r-release-windows-x86_64, r-oldrel-macos-arm64, r-oldrel-macos-x86_64, r-oldrel-windows-ix86+x86_64

Version: 0.3.3
Check: package dependencies
Result: ERROR
    Package required but not available: ‘lvec’
    
    See section ‘The DESCRIPTION file’ in the ‘Writing R Extensions’
    manual.
Flavor: r-devel-linux-x86_64-fedora-clang