Last updated on 2022-06-26 03:50:04 CEST.
Flavor | Version | Tinstall | Tcheck | Ttotal | Status | Flags |
---|---|---|---|---|---|---|
r-devel-linux-x86_64-debian-clang | 0.1.2 | 5.38 | 97.58 | 102.96 | OK | |
r-devel-linux-x86_64-debian-gcc | 0.1.2 | 3.37 | 72.12 | 75.49 | OK | |
r-devel-linux-x86_64-fedora-clang | 0.1.2 | 139.24 | WARN | |||
r-devel-linux-x86_64-fedora-gcc | 0.1.2 | 129.73 | WARN | |||
r-devel-windows-x86_64 | 0.1.2 | 34.00 | 137.00 | 171.00 | OK | |
r-patched-linux-x86_64 | 0.1.2 | 5.27 | 91.35 | 96.62 | OK | |
r-release-linux-x86_64 | 0.1.2 | 4.75 | 92.65 | 97.40 | OK | |
r-release-macos-arm64 | 0.1.2 | 45.00 | NOTE | |||
r-release-macos-x86_64 | 0.1.2 | 69.00 | NOTE | |||
r-release-windows-x86_64 | 0.1.2 | 24.00 | 132.00 | 156.00 | OK | |
r-oldrel-macos-arm64 | 0.1.2 | 57.00 | NOTE | |||
r-oldrel-macos-x86_64 | 0.1.2 | 78.00 | NOTE | |||
r-oldrel-windows-ix86+x86_64 | 0.1.2 | 13.00 | 134.00 | 147.00 | OK |
Version: 0.1.2
Check: package dependencies
Result: WARN
Requires (indirectly) orphaned package: ‘gtools’
Flavors: r-devel-linux-x86_64-fedora-clang, r-devel-linux-x86_64-fedora-gcc
Version: 0.1.2
Check: dependencies in R code
Result: NOTE
Namespaces in Imports field not imported from:
‘data.table’ ‘utf8’
All declared Imports should be used.
Flavors: r-devel-linux-x86_64-fedora-clang, r-devel-linux-x86_64-fedora-gcc, r-release-macos-arm64, r-release-macos-x86_64, r-oldrel-macos-arm64, r-oldrel-macos-x86_64