Last updated on 2022-07-06 03:52:18 CEST.
Flavor | Version | Tinstall | Tcheck | Ttotal | Status | Flags |
---|---|---|---|---|---|---|
r-devel-linux-x86_64-debian-clang | 1.1.2 | 4.08 | 35.73 | 39.81 | OK | |
r-devel-linux-x86_64-debian-gcc | 1.1.2 | 2.82 | 27.26 | 30.08 | OK | |
r-devel-linux-x86_64-fedora-clang | 1.1.2 | 58.01 | NOTE | |||
r-devel-linux-x86_64-fedora-gcc | 1.1.2 | 57.55 | NOTE | |||
r-devel-windows-x86_64 | 1.1.2 | 13.00 | 69.00 | 82.00 | OK | |
r-patched-linux-x86_64 | 1.1.2 | 3.70 | 34.73 | 38.43 | OK | |
r-release-linux-x86_64 | 1.1.2 | 3.03 | 34.46 | 37.49 | OK | |
r-release-macos-arm64 | 1.1.2 | 22.00 | OK | |||
r-release-macos-x86_64 | 1.1.2 | 29.00 | OK | |||
r-release-windows-x86_64 | 1.1.2 | 16.00 | 69.00 | 85.00 | OK | |
r-oldrel-macos-arm64 | 1.1.2 | 19.00 | OK | |||
r-oldrel-macos-x86_64 | 1.1.2 | 32.00 | OK | |||
r-oldrel-windows-ix86+x86_64 | 1.1.2 | 9.00 | 59.00 | 68.00 | OK |
Version: 1.1.2
Check: package dependencies
Result: NOTE
Suggests orphaned package: ‘gtools’
Flavors: r-devel-linux-x86_64-fedora-clang, r-devel-linux-x86_64-fedora-gcc