Last updated on 2022-06-26 03:50:04 CEST.
Flavor | Version | Tinstall | Tcheck | Ttotal | Status | Flags |
---|---|---|---|---|---|---|
r-devel-linux-x86_64-debian-clang | 1.9.5 | 131.20 | 476.43 | 607.63 | NOTE | |
r-devel-linux-x86_64-debian-gcc | 2.0.0 | 116.87 | 345.32 | 462.19 | OK | |
r-devel-linux-x86_64-fedora-clang | 2.0.0 | 812.61 | NOTE | |||
r-devel-linux-x86_64-fedora-gcc | 2.0.0 | 516.33 | OK | |||
r-devel-windows-x86_64 | 1.9.5 | 154.00 | 503.00 | 657.00 | NOTE | |
r-patched-linux-x86_64 | 2.0.0 | 116.31 | 480.41 | 596.72 | OK | |
r-release-linux-x86_64 | 1.9.5 | 119.40 | 460.23 | 579.63 | OK | |
r-release-macos-arm64 | 2.0.0 | 276.00 | NOTE | |||
r-release-macos-x86_64 | 1.9.5 | 281.00 | NOTE | |||
r-release-windows-x86_64 | 1.9.5 | 144.00 | 487.00 | 631.00 | OK | |
r-oldrel-macos-arm64 | 2.0.0 | 254.00 | NOTE | |||
r-oldrel-macos-x86_64 | 1.9.5 | 282.00 | NOTE | |||
r-oldrel-windows-ix86+x86_64 | 1.9.5 | 289.00 | 622.00 | 911.00 | NOTE |
Version: 1.9.5
Check: Rd files
Result: NOTE
checkRd: (-1) WaldMult.Rd:13: Escaped LaTeX specials: \$
Flavors: r-devel-linux-x86_64-debian-clang, r-devel-windows-x86_64
Version: 2.0.0
Check: installed package size
Result: NOTE
installed size is 5.5Mb
sub-directories of 1Mb or more:
R 1.4Mb
doc 1.8Mb
libs 1.9Mb
Flavors: r-devel-linux-x86_64-fedora-clang, r-release-macos-arm64, r-oldrel-macos-arm64
Version: 1.9.5
Check: installed package size
Result: NOTE
installed size is 5.2Mb
sub-directories of 1Mb or more:
R 1.3Mb
doc 1.8Mb
libs 1.7Mb
Flavors: r-release-macos-x86_64, r-oldrel-macos-x86_64, r-oldrel-windows-ix86+x86_64