CRAN Package Check Results for Package lcc

Last updated on 2020-11-24 15:52:11 CET.

Flavor Version Tinstall Tcheck Ttotal Status Flags
r-devel-linux-x86_64-debian-clang 1.1.1 11.88 69.21 81.09 OK
r-devel-linux-x86_64-debian-gcc 1.1.1 8.69 53.39 62.08 OK
r-devel-linux-x86_64-fedora-clang 1.1.1 100.43 NOTE
r-devel-linux-x86_64-fedora-gcc 1.1.1 91.01 OK
r-devel-windows-ix86+x86_64 1.1.1 19.00 76.00 95.00 OK
r-patched-linux-x86_64 1.1.1 10.03 66.79 76.82 OK
r-patched-solaris-x86 1.1.1 121.30 OK
r-release-linux-x86_64 1.1.1 9.62 64.89 74.51 OK
r-release-macos-x86_64 1.1.1 OK
r-release-windows-ix86+x86_64 1.1.1 15.00 80.00 95.00 OK
r-oldrel-macos-x86_64 1.1.1 OK
r-oldrel-windows-ix86+x86_64 1.1.1 10.00 88.00 98.00 OK

Check Details

Version: 1.1.1
Check: Rd cross-references
Result: NOTE
    Undeclared package ‘gridExtra’ in Rd xrefs
Flavor: r-devel-linux-x86_64-fedora-clang